fxTeKtWz5Dd2HIkB91SNtmg6vx42NkQm\nPmBaUGBjYoXOnhgoOd2HAlXagqyT3AgSCTKGqpoh29XQItU2XAzZDdOsdAEbtGdcCmFWRkqNY2aV\nq7SUDbN5dJVu09CGtSqu66FqonLf21osGSrHhCrbQ6iihTMWbdPbpM/zEEAVK3LOSTnJdRv+uXLJ\nn9Llw43xNpUtJVWCRvXwMX1Ut7m9XIWn+c7MGlxMQYGqHNPdbB6zigmZ7a7zOLqIwLS7S/U8Rqzr\nBuI27+A145v5mDsSRE2vdQ0f7NG48SPuSriGGCsAM0Ss7jK1iEtVqwOwOYZIX9flQxUOgG1dS2lz\nfKJ6Q0vah9ne4bUNq21cboBMp5OtP9djzCMrn8/HMWnl1NUyBo+NfE0SZrbW8zynQpW+paoiGMMz\nl8iLIUZUlSEHTZ9tqR5jQvt22WuF9k1Oq8pPn065w+i3YZw2N5YO3NvjaqUxNvcBomoCgUhJ6q7R\n0hVgGi80M6EQlKlHhBpJONYFEVyxzvNUgMlfN9Gu5x1OArPudnOFV2VUzuOEtEiZ2Q6o6eLbl24o\ngoHjt5MBtlnjd9/QDQ/s3C1hqGcVbd932i3HIB+ucL42HhJrLYBbSLYaxPH3BeH/yeiM2luiv/mb\nf71yicrYh22M6ZEx3LKigDnnqhjbVWevQVhwI2IvVLe7wp2O5B6xONuSDE7IUGGZueK6F6Hb0GfR\nK0aKYbXsm8i0YQHYC09YVeQ9QJHApOwMuK1WMBEMAG87kcyQ2gGDpO5IV7sPKGhJwZ/TVWOORTci\nkboFqESMOFPzA+McxEPyhnH2CcRxknY63fcM1SLdxkjGHaVXEGhWuWZnVY05W8XEVcTNpw41/zSO\nzsiQYa7irphqU1Wy3RymE2bKcOEePhSaWRWJaB9HrBw+rctgAlXRc55Ra6hrlWpkpzaGu6lWlAp8\n8AXYOGZlDXNmBQxzV8ag52GjyQBRm+d8+3RW1k1OlfOY19pROFVhw97OI3JFLZidn04YIG1jiPRx\nTJH2YV1i1tWLV0/uvDfbjbMrxFQjw83V7O08okIbqB5jso/mLa7dBq3O8zwYTk3yoqoadPhofoMk\ncZvDLNcy2nJ2u6mbd5WbZQUYidlUwVBj0bFizBFxqULNIFvU1lvh0pl5HAfLtAjEBAoa5tQdGVYV\nHEIUbEuvm9Hhr+lbVTt7a9CVPk5Gmz9Gb9HazkwJoBHVVDWDdVV2mEpWQOh83lC0iJoOPZL6Z9MC\nutLNmjFPknc0mHTT0lWVhhmqPFIoUYwkkiA3FECQwRvm6oICINrSNdxoYLWhUVcyjAv9dr51R3UQ\ncmmpzJjHCJ5JIud5MNcXQKLiWkSxiGMkSeLGUDyvygYtBgmm72S3t+MtM6OCrgPsDq+ujiJgy375\nT6skieC0G+iW63r6mC3ZmTeYrDyAxxh3ybYmJC+dO1VRVV64SgozAJulnJa0IFJvrjxB+ekz3ZCZ\noK8Dj+25mVcxeIsSojb1WEndD9PriEXb3/3V/2JqpsaoHTMz81wpAr4Clg+DZ0Z3mEGkVKUqePdy\nB4UNeVvVgohvS4UQ6eEm21vZ1lpjKowr2dsuhjanrgrPArQFkshOcXdVjcro/md//mePxzNzHcfk\n7fUyua+KbbwgCosr3eIAACAASURBVO0bgfKubblu2xmG/GJ2AxuBUTDUTJzRhWZdJZ1uapa8jjt6\n/MZbiMoBNHrpMbZTMff47No4xBW5qaJmXhKZ0o0Nvzk6QrOtrEtmH1PNRWotbztcLPHD29kJKfEx\nTAGVyDSf7kPFumXt536jTADE9bHih+OH4Q5JGvm6eUPb+GwDIJpmUjt41w+L3PQvUc0rWnkmoKva\n3H0QjT3ezq4S1YvuN6husWHChEm0WKujJNVwzNGZ7CiH23AfPlr51LB5t8qlKmaoTPfB4JeEDF5B\ngRuzzFpBHxodPob5Wgvq+zWgTfpwr2qoWMNUE9AUAVZdc8wqcSUuWgLLLGmYDzFrkcgqEXXPqqhU\nf8WBbdIeoMB21nbnBy2q8qLlse8x3Rid+hC0GDkj0q7ruSpEjX6wy2x07WA2aQAwHZxmgL0K6srN\nrEAL0HfdMRdV6U7GPe4XufMSrBwAKstUtsVxQ6pNFKqrSjc6j87ULhujsqVLRDLKD6uu6hTwbhm9\nA4FYfTJymWtJAuiyyJzzpjWrqhiZ2hAMGwoaCURmm8+I1Z1QUNzDWLd1fZC23yLQUfJE63DXoZHR\n0sygJxkyKgx8upF5QbqyTbW7WqQ6eSlIPiF24eYp9Bb016pPRKAtMG63sySrGH0ClWtdLGvZkBIT\na3Ssq7qhBniLiqKlVY9uCGyMEesyPVS9G11wm93i7lFJs529sIVkdEuoakuabVY3wDOmusHYDQB0\nyTVDZqnux3w7LTZeK0alAMc0K5jhZn//N/+bCEhfrSqeVUJ1bFzmvlZkJnUBdtPVRdR93ET6LTp4\ne3vjtvXV2rNoVlYEly3e3WMaHbeZlsl7wmw81wXBnEfm6m4fhzYI+LSIj7mez+fzOUhyb5BvxH+L\nSws+GKqAaN+x2jQP4hVR1XkejKncyxPsiBw3W2vVDkr214IoIt2HmnKmjrVedu2vcZWndN47InLs\nmFJSGaZ3AEgnyQBQVNeco6oqJdZqaVNTSFF1Fe1qldVCm2YI4DdRzH1rUtZaUDNVg3LZVbUpbq6M\nS2ZTucxcza91uY/hw83I/cdeGWk3hhlEzuPoKje34a5wdzP4HEDP4REXYyrN97003EydcB/7qWNO\nHpl0i8bdhpOwJbLxLkbmsv/qbSGyQUZzM1PX3ZFf12WuY4yuHtOrq7sEQhR4TLa6rVyVDxvHdNcC\nstJh6maubiNzI8Xuds9ahFZB5wzOztimGvtru7ndZkE8ySAGMQ6LLZi3LRKAOeY+2qWAPaebGbUP\nbi7dc7LXk83xzRzTzYxiQPZuShL3ItZXomIw7PDSwfoFKJU1N7DLKJsquUNLzFuqu3cuqCpd6Ib6\n83mttcjrjWpsOQtUVdDXtdy9G9zDU19HiZOrVzVEYXAbkUzyqt0mQe/EFbym2+7qknkcWS1NSY2r\nmgDuTth4rewCFNwKiCAiFgNFsX0fg3NPLAjxKJjr68oTlpLaypRmDGczgiYri4+emZlabrI56Lul\nMCa3UDJJ0Pg2qBEzE0DQVCYy5qkqu4kHNO/86iQxml8RwdyhtcLc5xiZYf5drq/fo0Lg7gT317qY\nR8ZlKTUNEcuH3o5eIkLBBFmBVK1mdbo6fTFFZPq0v/mrv+Bt9Hg8CJxVift8PB6m5saZvUVkTl8r\nyRt7FRe9tWQb93R/odjYebKEa9RtZqY5IvI8T76Tu/6GCKhQzSxVMRtqg/UxKlXVfNQ29gziUKyt\nvAq8OtSd3tSJP31TzkvirpH1eDy4xhKRupn7DAis28bSfVB6Oue8rn29mmwtkdcmlspAv9NS+Efc\nTDCSmD+N5191bCZGB2O36BytbrFijjF8xAqya1VdWjPyON8ArIjhRAYFwHG8kXO5hRgthGu7OzvP\n8+02ynDg9U7l09unvRlGM1DGXyZuQN+LhMyUkuMYz8fzPGlalERINiLJh0R1DFVBl8xj+3twPCdC\nDe7bpSly4fCbmcfbEZGsn+wneHxtzq/A3Lua/JP7i1uWPI7JQ1dEuC8FHWpy3ypsq9cO+27n6qGz\nsrqri49rNcA7U6Rays2p0jzf3tgW3b6eIjetm29N3WFiOuhL32jyeTYQDLy9fWJRqK7MJEavqqwm\nXMdQTNjdEPDompOT8bYzHMPZmlXcEY/u0tDvV0TuG9XvbRAAVIdCxcRUVbfuBBDWNBFhqhQ/a7DT\nUJg7Soqer9rVPX3SpMWMXobCUsilNJ8FH7Obgs+daff/u9tvTl0mLZ4Uis7eUhVw7kVX5XbUGbrB\nfCH+3t1763oXlsd1GbX896SSFbxifdvIDHdBS1G7vneEd3sB7nNaOvK6ySCu8C6VHT2WanghSMdx\nXIuQEaqoXDb6UInkZoo3jHGSmSK9rnyt3NZa3NZGpKkIwLHAzNz1OA6RV1jjdouk3wnPfgZgEB64\nhbUvbZSQbs/XedGa1+iki846zzf7u7/+S97N9/oV2EnToCXvGEdmqvqczo/NvtuXv0oh1QFLpAH9\n9u2bbunXd7/j229TmeHXLduOZVsaeLW4sQpXVY95ZJVUp2yeIk/4Zhxmg57j3QVol5gaFOwg+PWC\n7EWkkt5kRfWb3/8/6NroLlu/Kq/rNed8PLbh+2trwQhs1vrn88maxff4Go76zrHDd3KV7DrSVc2g\nO5hal6h6QaBGncKnT7/p6uM8VoqrHsdJ8bfu7aOJ9JwnQKucHfMlLXbT73y6mbttYSHTDERaocec\nCsmIOQcM3TXHdHd3r1zTve4OyFRp9AFlmW6C4yJ4PB7DnYIeLutEkBVkgJH1MYZX13Qn+8WHK62u\neqMPZEDxBb/Gr+4aPlm4KksVQjNRvemqm5/XXExlJQ1wqBSDihrcPDNE0SJdO6wL2IIUFRGhG91m\nwc45Wkp6b8tppoHbXeO17+HvYZLVvCO6s1oEMrk33nwbXWsH6LD5d58EWxWQ4mfBXGZIC5fwLS1C\nq1Guc5QvsrvRd+BUo1aMW/1PdeKf4oR7bquszqgydVWLK7rLx86g726prth+dmamBndT0XXFnCcg\n5ioEOCDSMtRyQ707CZoc7e4mNM9KV1W0iuH8g5ucJiJbZqiekZMUA0bWZVemgnnjQpq1j8Efxbui\nhYZV+0fBzNUrqrJvWnZur64qtly5SrQry9VoycF6RQqLmrVId47Da0VXoo20yBW8h/N+QpXOgNcK\niitjRSbbbXal7AvbbKhq9aIZgNl4nSV7HGxrQUmo6ePxcf9RMFaB1cOd8UmqSoCEpsFmplxr82yq\n7Skfd+kF6T37Jonk6Aa0wew//MNfE5ZZ6yLCENEKq96O5LoxRADcFvYY47qIs/NWnszhvD/Obe7I\nD0kEUkJD9kyS59Q2sfTl0NKE2yozIty1W1dkVfKW50Xcll2V5CYCUEV30SKxu8mBI/jzJ90Wruti\n4zaGp8g8Do6qAHSMyDT3JOkC3w/tPQ6zawCIhDHnhZwtMvlUNfKiA0l17t9sU0xxt8rQMatrKLpK\noaKvAiqZxcA2NexIUUNmtChJyntOF5Htoa/3AQQzY/BYVc9jbqEg6XrS97BCDGf3+PeNVUaPKCXR\n2zMvaXBQM6XbCUFAgnW70snWUEhWjEE2BbqE66B92HejJZl9YbZhhzHkjuSu7uGDcrsxxqupZzXn\nDxERNc2kMVzyHzLzqnWTEXhUaHWpgrbJEWFGziXIQDAlahccWcjNBZB3o12VgppjUieSmzCnXcUP\nGrc8vburM6vFTIoDllFpLrnzJsmOfQ2F13WZOaiwryKIz+sv35fGXCnkzs4Vsgx2kBttaZ/Pp7p3\n1nfwjRR7o2QU2wXEPXIBgEtFV7Uy04tm31v2svEWVdueJBx2hdSdJE2TfhvSNmxUpKlmRItELFff\nIsFt/b0TVwCnCDO+zyhm5t/ev4psIzDdTie742HFIP9vnwS+d2MRq6rUBwTriuo0sxIx1a66w9Dh\nbhSC6h1EJ43sMHXsjljMjJa87l7dK4K3EAmBES2tABE7hTZERVDJKOjiK+eYVUWktJLXGXQOICi3\nF60Kf708ABG5rhSYe13XMjdOyarC4v56vir7t7/9LTN+6UBuNswQcan6x8f7nAcbRCWZ0Lw72bNm\nBifr3QsC0rC//av/2VRifXR3q0YVurc7hLmoX8/LzIEG9PlcqhaRxJI4etxn5sws2rC9OlZVIZlf\nbWQVpwzRRqvAokq0qwMl1YTjwkxyFZTqNVFTAT82IWlXVclFESQneroIcErg6ADK3CrVmqNUd3xX\nJ1UJYkXwVoq1uuo4j+rKdRGKXpENZJWbSTX61jjmgnKu3XUna9HLQmG1p06Yuvsw2LpCuSSpug/8\ndrWuIsVNRBSlaHS7ekUc04d7rg9XV6AiVMFUjcFnBhK57FaZZKzjGAqByByDKmrzsZeBvVpKDNJt\nAG3FqP6rrMoW9KrL0NWh5myB+Wyfx7wYOrrzHpW3uxSovNhrIjUbxlbN3QWWlW8/vHUDalnl6t2y\nMq8VYx43uUj3eIvOKlPrlqxglBWwkXczgZofJwHuK5PRXWS4uhMla6hkpttkPjXvQFWdQGdBrbJQ\notqARpSYVKd1vx2nFNQ9sqVTpBXS2XLnZMqdzM7zeJh2hNtBsYlUG0VyIiTJNAXQr+WvgAgVH34F\nCAi4Q4BN1NvJF8gsEuRf/qkCqJuaVRZUpUMEa+XLTfoODeejLqZW1UPPXOl7ahFVzHFUSSJ8TEa4\nvMZuEZH2tWIMW2tBtLsqynXAEHWt54PMVzRUxMxSWt3MxgZqYO6HSNGoCyY+vFoEaGk3Z0NALWh3\nDfeugkGkHxE6vKTVvSplO9+lELvvjBVuQ1qyqnNBuElyNTF1NebksJNGtwQpKNBrLYH4sBXLXLPz\n3kIpRExxrQU1NbCPhYgZBUrqLm62N3BoqXRDks8qWNdzTpeyOQ6IQlJVshaggEWueYzqGnO0SYkN\n+4Qin+uJbUJYjABSxRi8Plq9VjypBjjPt1iU6TTxEvchIvRzpEmXSLvPx+PZZl2t5pBuaTPvqq62\nf/ibvwQ6M6vzGLMFDGVXw5VR1XNQWrb7hdv3XFhG61Y68Bv4PLDcc7eZG/cYym0U5S3Do6uqTYS8\nzejqPYkXeyrBVgOQtaOibr5HeLOSYn/K+38PLWabYNrb8I8Vf4wpe/bxanktMURFqs7zqGoGZZh7\nC67n5RQyZG5SDVBdPkZvu/0Nd3Jt+4rXqrr3YMwgvGFHpXsGuqWl5UV4YlVieyi9M6p8GCE2Hw5R\nc9gwc3s7j47uKoEABPEToi8v/92T5mZz3vNTAMAwbPlGAVADKyCdL81NRR7Xk2kJRJJULda6j8++\nB0MRkcxQAjMkGshtximUlHNisL6xV1HkvdtgF8x92paUVmfW3Mac/VIkcPfFmS8y0ft6VqX5eDHK\nN97NCIWWdV0A5hwVqQC50VFFBIB4HSBUctiOG5CKRR1j3cYm3Z25SMfiK3f3KsKs+BM1w3baehFm\npLeN4kbkqu/t6BaI832x23Ifa4WZP5+P10zW3cTc5ZZPV1XEOs+3l2razIhl6Y0gRVwv0Ca6laRR\n29NJq/qkfMmKSptin4QWNsLglMbCoapzHlcsai9hglv+rmxz1UQ6c+2pejcu/OQkVwAg4zvWE2gz\nb4g56eH7bomI4bOT5kzFR0hNzDUr3cfKRbiVddZ0612UrmXuWfReJ8nLopjWuT81iPHmzOjIMnWa\nsLPLjHgFegi0aQlXmSRpZYZA13qOe6NGzLZ3cLOpWklDaBjQgtdQQnaUrLXcDG0V6DJBqvXdnm7w\nVkSOg/HR8upIutvtqOprPV7s+/0oSWeSDcjKM6uqpCnyMPMVmzRZJfZ3f/2vebsPH9USVxSkIecx\nq0UalaEqTA0VgbuZMaHNaMhwXZfsFNZk6itfNPn5G2Tk4rSqO1PaoMFONlesJdAxpyl2srB5dCls\nuGUm1EB6m1TTLV5K1Ayy4uk2RJpm+QxvqqIel+dNkodr90uqvQ6qvb2pXaxZlGFG5IRTGCAVd+hS\nCz8zVdx8gI0MEJF4cXI4+cpdv81szKGqK5abQV4PpADy0j13S2YyAIGgPEeNMYZuynPFyvM8IZIV\nIjXGZCtUnXMcfcumCXtuQKlznEdXifBcl5bc3S7Am1XVsgrurpsItF0x8FLAseCCd0Fl9pZ4YOfN\nqqy1RAVa9LIgPaP/xOCBV5gjPDvKrOBq5zwP3KIBWpO6e27LTwW0hULueglnpHFbgcpay4eZWkep\nYMwp6IycpEtCs2ro92QJM4tMkxdKgMxwdZam7p7z6G4zIeK3ISkRd8M+A0QVZoNOQkRy9rFam6TE\ntprkn9ppcKrQbgpTZQvikuwOAfjc8tbaiZ0vgjNpXzDNSFd7ba1v33OQUCEUeuhWAZlpS7r7FVdx\nv62SyaDHy+mHvhESe0mobny1W/o4DrqRS+2rB+UqlWuk7u7jmNe1qhhykJWhLUZRKtRNyXxN+gnS\njKRauUeRFnBjVCbbr1CkSkpVs6uZBdMNN70ro5lnVtb1OnRpiyhARrJedXcG6U+yXdCKGFS7j+fj\nEpDZWcMNwPvzg+vqMSZgaz25q6/K8+241vM4PxG7n/OIWJlVIsOceUmvPQ1ZYZk052lXGkkWNLJW\nFTOodcOAGWR7Zy5evb1rEQOQxUA6850/Ss7rDizisQoApp2U1LTA1rpWlAL293/9F9iWbFZSlTLm\n5DzFbSV9HKteeEjdDga67dDA0QwvbKuq1q3zvDtBtqtlZjsDxG2ti+QpQrNzmHSr6oNWaqKDT0Ux\nzI08f7q7tKigpSUqqVdmAWrWDv1uzNN0hpK7Yb/989RMswvb+Vq5l4i94eE4QvHxRp+ua7fz7P/6\nO2hbfAdyh2PxO8xMb9q7GrnJWswj3x0O17DCbcQW90JEZIxxD+Y3E+luBDMKSlvtJkmr7jiAunXC\n3e1j+E4pw/O6VHXaQHP/pqrKQ2WzLETIoL8dQAkKQwGegnxTP/zwm+t6iIjpduuu6hVLoS211lLi\nPpXcyd8s1Q0p9l2iVPW+g3cdUd00EDWF4Ea6d4mJLDWTKhGZY7i7NEMVlOJqd1fTjFRRM4tKuVPA\nuluEEOe2ZgVElRJbMkC4849tJXoftCIyhj2fF1k9W/6XF3XqmfRm6VsCo3JLmWxTTv1GYJW7btYU\nbuRYv1iIuTSjTw6xJk4ncjvrYkPVKQJVrwzlabQ97+S1jgb2mZ0ipibVavf2y02k7/Ij1Rjuuis7\nT+od9c590m4VJUV6RXaXlJiDm5hqua9uc4bgDYOtmG0FVCFb+cHmWvoW41DT1697WsSGK5/QvdVs\nKCp7232rcAGOe+HfJaqjelNlyFpRmIBqcKHZb9WGhTlh834211tjQeFaufl1rWzZhmWbh7MNIXxr\n0YvqSN2kOL6KNtCNwHwcpPDffJOhZOb0C8+4iNebGbCtsWgxVlshVGymVJWxdFWhCt4nuD022Miy\nUNzF3ZyzZvFUSzP34fYf/+GvqH+ltGkHYmVmtbwoU+Ae0dZ6vix73C3iMmPQ3QaS2HCSbl4V1O2v\nWuoju6bPqnSTXFWZw5yslVjLgCuji35b2DBO7va5u2xoZXW3u9W+rN2d5uhCVROahGr3yqTCWaCo\nzOEzs7esKxhJTlCgTEdlQWBzCgClNV1vaAXh7veOa1OMWZrf3t4ozKMr25wHjZC5e+CEu/IZFaYg\nzV/QEUFr+6LRvmCeb4/ng7Q6nl7uXtIwi8zKAmnFajywI9eYo6oyNhUM6lCLhqqaelm1avWOdDFV\nacmCjxlVBnBZJGoilsrMByIbzguzIqHeAnRvDqIkRKti69/k3qRlApiuEBnuqmi5CF/K7t+hGCKV\nmahGyxwjKszpRd8iwojd/a377nrZn451T/t8xrq0MknXNjNp3I8oHEaTW1FEPrapAaljbiT9uG6J\nvG0ymME1scxcAAc6U7oakhktAdgYc63nPW7zOCR4BVWtrsh44ddsLCh75hmWQT9sdvouLWoWVRAh\npZO1fgyv2mWruqpyH43SWQkFONI3oLrqCbeqMmzmcaCr0hQMq7vqaSqVS+FmynWTdqGBFm2Tjs49\nH7jT/44jXYNpYm7mvJit2W/neb+L7YXiZm0KVdw2tuaEVBu0i5iDzSmNVCPCh0mXA8N95ZMDk5mL\nhFsROF25aNU03KsSXapibiJyXc9hWpVzjlKTQndAXc2J+HbLtpGY54pUc8pxq7KijjlvRnKaencr\nzNQBK+kVSxrQNlf6ugh2b9Zt1YB6d3aL6sgsgaq5NGgeltUQ1vRdmqmxItG0O6ENSOTzBgbVdJgO\niHZFrYsgtBbM/cpLWlqqOwg108/quuLmgHomNXQAkMHJ9q4zoozF1hXVomOebrNK1mJqqIpIQY7j\nbS2qiKRvS3Ti5FUSsckk5O3zGxzfAccsqRQTQzXuLliEd/OxVmZt/Cszt8tjFZp27lvq+fr93cJI\nN+jVxTUAuy2DqsBvnwAF0atdl/kTiGPqHYsudyb1Wsvv8n2zR/L1uLKd+dM+tLvf39/ZGssOefke\nn00GFR8DiGX07uO2AZYrGARME4UYfnTBfFKWEav44bnR1WTzrGkyzpfhNs/z5I99fe2ZusVkuyaO\nm+axgTxVVX2J9O4pcgM4quq6fe14nrOn6Nvh+gXr251mcJ7TdP/dPahR3SMvhugy32wTzgSvq9Qt\nCuPALCLHPBX2fFy6O4Piu0bLMOfHulcIKpwk+PJeAeUpnV1NY2eY3IzV/m7QKHLvZq7r4v0QEXQR\n5K/uEzcl/NXpvnQSd1O2v3i6v67ka0Z5XaLX8snuyIi7U5ZbCBL8Pftl3WZ8m0tjZv8fV9+6ZkmO\nG4cAwMxTPbt+AcvSWt5ZrWT7/R9M3u46SVz8I0hWjfrHfD0zdcmTySSBQFyIpfJjLkduyT//+c/n\np9U39u1uO3qYk7bBCya0OCfdrxeIr6q9HObXbeH2pKoKl1Y6oQJQuMLdrkpR+NdJRguBCgBkeZuZ\n2RiDEs3eP9mkVYQLXsktcXdauHQ3YF0cY8Dtilk7IEFFVFq70ZEmBHq0G5lZHWuylduqgS/jput0\nlkHjmbKdvc/TP6NBLkTTwcXJ/0h8VRavDJmzO1mgfN9D5pzsRN/vNz+pman6+oy5SER8a6KC1jr0\nmODO4+6CMhsl6mO0yJMRK1yJy2n5dHIl20oEUuZF1xZprk8BXWOk7mGOFvvb//on3pRnTjGFYNv1\nXWbGsAW+vWxhItZ0aK8nwvwUS8jMyfqaNMGzKbPM+fnzpzJkUChnZi1W5hYRPm4FRHQMhywpsbv7\nWIuMdNeIR43nHNfToNkLCVW8y2PcIpIxBbivF8+e2loGWwz93lGudt+vz/fbxxDpivjmAVlmTnyN\na2IP3PT7rnEqemzAPWJxs9ydRzAP7IwWoV8AkwGAfdicdzUyxhhk79Bb6mtPlOJaXAqXqszwcXX3\ncDopivmSzG0kpKoqsogo0eNPRARN1StBgC50c0S8HtkYoxe9oc3WkXz2kfVaqpoyrbgWm7NljJsz\nDC4MCnHdvbO6OyJKiJP2cFddKUIQ7BTDdTBc17Wq5SW2VtZ6xGpIeD2I9homV9HVqqXdrAHOYBtY\n85gMM3uet9mIFt3SB05xyYl6nmfcl4gQAAWUwV5Fs+k9HbGv4NwFPLIsONuubOMwEXZBBC7WoamQ\nQwblCbtkTQpnD9RdVQ5tkfUZ1ToiM6vrHpeIqOgJq1PVjOmU6Rv9mCmADIrdDfalHpfVixMQ6AJg\nSQ0nhEMyERFozhr2Nd3d+05nprqxrxaRGY+7z6fmzJISwOwi0hgxWXjKUqsJSVosE6v4irHZlSwO\nJKj65iVobn8bPSeoYM55XYOj+O6FBLaIqX2+3/Re5aNRAz1lef2R03R9It7k7mZsbBUd1Vuk1Zgt\nOs8bUVXXdfeK9FiaqTOUqmpBzxmqpnC274KCaEmnZH9FJtGaxunNFRlQsgzGjBzDofa8H12jhQTk\n169PJome+sBczTxysrRX0UOhga7YIvv3v/1Lb5OsrKKHQ2bGisRb95qL9Xnei/NXsT/ekmWScQUR\nw36KkHMAEmYxxhsJAxa00G4GXW2dQIUmxR1QqxYD9fSLcm5Ke6a6r6s4Am/u2vj+UpFjJNUt5cO7\nvlhfp2bnscRRQVW5j66mqSQtIAjSkU9JTxSuhlpk6rXLczNiaf+9ij+kbzOLGTvvKRdXEtrVplBY\n7+Lr9AQA/BprScnhgHMXpg26P08Aet8XhdrdDSjL29rK+l1rs7cUN0OLKpY9typngwaFypxF2h4/\nIFnbEBLYpaVJs5FvIuT1c/qrcTFX7X7PB0BGma94rHV0ndZtZ2dwGFtditW9nXqEpwulQLuuFAId\nc75V9b5fmQkBTXXkUHmEYJG431VldBfxZQuuolVhZq1uK1bU1DCZorn8xI0VHYBj5dFLp6bbi2pV\nebq/5RzAi4i1y2FpmRlReQ0XQUQCco1BDJ0bBPcy9qDuzlp4+eIJsosut8qANwMtjWoyOBQiEhX3\nsP1+SaMHHLCI+bynqNDJ47wj3zXePixz3b3rojP7egSVKYvNKado7aWilGEsBdJ8LzYdY1xZUVlL\ngbzZ4pR/6+b7U0ZD0MyWVLh338hsYSj8vi/y68+rsXpQt2VeD+sqggUKI0mZ06NFjtqE0tVOrUyl\nrz6su6/rns+klRbnFr3kdbEEaPv8HuOSnW3Jy84MmsSRCa2G1/1j5yo3pwRzqV66MqnP6ALHRVmB\nbVvGt1aw0jXOf69KLGvlLyePqr7vV+TcG1HxXXh9XL9+/RLalv/t979Ui5qTWIoGCVsccRkoS6M7\nGMd9oBOjyIovUdXKblm+NF0toHDg0+8XFWWUUqjZdV3bvgfVzB5bLBfz4UvcVVndggoaD+y4xUW0\nysyYz/u+PqigYSVFKfM1Bgc1ilYb66l+g1O+uhizbjFbR46Z/fz104YaTHrRpD4/f7q7u3WfkdqX\nNJd/2QOlJ7rCrgAAIABJREFUfp6H4x2epWxRRTB8qDGQyA1DWkpK0CZ08GrQy+K6qgWqz5zuw8zd\nbVzDF+UDvP7X686orVRuoR0JqBSjkVOtdJ6syly29de9yMXYhbAvjcwubcqWQayYamW6+fv9uTJl\nAK6t0/uvpkSqi1VtZaY5hvqMxK4ZyWRYVT+Qmdd1zZyqqjqkwUPU3VWpf2Z7hrNj0vOEi4qLmMDL\noIWLoLrO4S1krwKK1TUS1pgZTC+zjbP1l/kBOCxRNSlKBC0qupvZvKvH7z4ty3mxTwfDn3ka9oPP\nzDlFQDaI1NIccaQ250PZ9ZarkD7RVXFwSFWdn+/hHl0AHFo5IQI3W93DyhFTpY+gzEkBUfO94O8a\nbvSc4oKvKr4yIkr3BVkCQfZM6XabOZsEU8ssjoJFwOvXHTyitmbo9PkQUbdrzlDzJQXiwliUuY6Z\nbjrnVFOzMcbI6Ih0G5nTzFs0ItEk1II5bhB115jzvj4qe84wQ0S4Xd2tQEtS3dJrDtyMZKqKrs4I\nJsIIjjIRtR1E6BTC+SqlSTzbuI2qEgiSxdwVcBb6hdvIKvIgNPZYFgJUJpPAUt3Xy6UqZrjde3IP\n9uKVct0vqD6TlF0qOToiSI8WKbOL/7rmdpDMMvXMR6T5Lrh5dz/vTzcVUVOzv//1nzgTYVPTWtlR\nklxpw7276JKRmdvqa5UOFL8BUku2Gzw/1VjKmQA02BYRH57SM0MdTURburtEErCqtraMySajpWdO\nbajVfZO3X5UpUt0SM02dOBQ7yOFXd8ycYhSC6/vzbW4tKU1cj7+ru79KeHDOzNISAsDHnZGQzRCG\nKdSHkaPGWJb9jFlRdmZAa863SI1hw7WyaLnq5mP4834LjdVpQyIpncwApIu3qWTOeN5okSpX1Z0a\nYdCuR2TFwLJrtmGZ04dCl9xUjse0wLxF2F6sBBxbxDmmwxCPouifqqtlbcFRFfnXIhxcr32tqiHW\nRShGpFohUJlPQ52buJlFlpSoaK0tYxUKq+wyNETdzOx5zz6kYHKhQFX3wtnMNLEAleqKTm3qpbkR\nu2hHBsfs13U981MN5tpSkZM8S6g40F3R+fF6VTEFr91HxrzcOmdn0rbe1ZbmDoJWhQ5zmsWf1kq3\niIE7qcjyVIntQ/cdpeG2K5CVN7LdzEX44lB8RKn9A7BtWBS3pcgd7vTdqHYGffB02TovPqnneY9x\n0QmWp2/klCZ4QhRrnbWH1cOPuZziaShPB9BOM32yRPH5vH2YuiqKas8Q6FDJJGAlVKmATGJjGlxk\nZj+qPudnVtA8xkwzo6TUVbTv++qm2FeBUhgaTzybypxqiDnNFOt16y4icsfGR03dzKBdmeYqQqyJ\nXca04e/55rYzY77uj4bQBO0b+bhPOb9VC3rKdgh9aOxbOejdPQzVFTEFiS1LVKXarrsRE6Yvbg6C\ndrfOlJzXuJ/nIXqpRhrbG+jr9kpqsFvBLIThrlkBCbICRNTM2Pw2ivUPdGVtb0xPhL4dNtj42H/8\n218iwlSX7+MwVKtAgdpOm93NlefuQFMrwUOPeRRzvtVEVZPk6F3dKFCR1YtglDMgUZIskbhdXtei\nEmeUmQp6jQOlUeVuM4I9SK8G0M4EY/WVfgmErNWWUmhE3K+XiGSl7KqOduo+BqVJ7irSomrMWwHc\n/ZkTItdYUnLeuMomOslBgm2fHNm03Oq8xitmjmtk5fP+VCMYWhEx3AHydg7zTHrz4r9XfMOvpQ5H\nzfl83B+dRc5cdW6RCyt1HNid7zkVVSLImiJyZA7mqFqEUQA0ReIuQ5DuDJDNTFAzHkGvngyG5T2b\nvYop+qqUugP6+fmmt8EaSHSt+AWp76GUpI4w4pkjJpqgrU1fuSGuD8X23H1EzIpUXUi69BLQUQj9\nzDdl+6oWEWR+sytns9JZCiVfL7uC9opBkYusGWxGt3zjtq7WZLfVZW6yWwYu/kMhXYjE4pKxjgYr\ntf2IVzJldwEdQQ8pG8MpATnNQa+cipXUzILRgaA7/3JU+/Iv+g77bPOf1VMSHjTXjX8qOQLdvV/V\nCUCHU5TUkt3148dHZYngyWmDhE6l92FEqGtWm1p0oOse1+LgZswIqHYWRF6vFzv+llqu5fucW3gp\nmZ3SKrjGtXMmeNwaVABR+z6J/Zp5soCISCjVyNHS1XXfd23goltKOmZQTAJV10HcHNAZE7uv+n4Y\ns4tiFX9oFBC7ritmmn+pjTgsPkxmtzsrMqcqMqNK7vtVKZBL9crMrE+nP1AVTcSu65Ur+oJwCslF\n9IVvM/vx48fn+02SW3dCIIrqUrPMVvHuqbaEngfAFBG6e7Ys8sKaz+dJsVDZei3lOILcmKrV8S0M\ndGV01OHV5zLGXAaNB4zmu9rb5uU8LVrFsrX/+PjgvrYtZfo82u8VkB2l5TbKwVYbHkj9PIONGBy1\nzmrkz5M7d4R/5+o/J3Dtcfk53nuzs/HNL/C8YLyM2s58qvp6XQDOhfGGHILHN9zQ/0svT73J+pZO\nkjFO4XCOBN4H3Z7UvbVLqquv3M/iSz3Ev58r5JXf1wdvxfmw+MaEqU1V4uf1oafSkU2keb1e/MbF\nsthkj4NjHDSDf9kqBD3Iw4KSus9y4j+f5+FF8guu69qUleXzxytBLWP99Ul3mg9vES+yNzma/zwD\nJP5k3jTOD87/3R9/C4z3z+QT4e7wDYA+O/LSGG9oTr7/Iluy5D4feT9o/Pjx4/Pzp2y0p7ZNE//I\nnmPzNbRvcQI8H1UXYr42btUxBqcm5yQ7xKqzKfDa6Ge3/8R5VWubhp+/Rzz3PXrlo5LA2uft5tN0\nVxGu8OP1hqqg9bxIRTy8zrO90odSpID1gHi39Y+chfPT5Ptwpdfd5sc5uxMJJ2f1+k6mPYjZGIPL\niaV0bUHiedZzzjnXhzrvC6+2G6Q+6WZS1GaU8aedV/X7lOIsv/0SDVUlKnr2k6r6z//8z1P2nRqi\nu1ke1f5cfMRYjPvq7kMnOStHVe3vv/9zZlITf43x+bzRYqoZjKM9M6ISkY+PH3M+5HvubYJ2wzH8\nqmwflw3HXvBoYfgLe07pNHPsQ4n7c2bQMl6VwD1mt6zo236/3y3LlYIvW8by3+CzdLszS9WefLCG\nluXuVG3Unm2OMbKqIGaDbcp1jZasNYRpBjMJ4Ga1a+peToRf8DrVaBxbqeoS1K1AYXBcAxR522ub\nyGyp3PRtFrmyu0L5ZiDs7hncjES6mKOmK9owzFxpAF250ZL6OuS6j9+0mVUyV3M1yu6XLL7j13h5\nPnFOAp7crI8AyNKLambsrDXq/KQ6hDGnDVlHYyxWKBH9aoFGpLttoQ0VgmurchvVSTWcQBhcyaSU\nvUBNWlcgRpe5K128gW7wrTM35b1da7krU6qGj6L5X7XJKkRsOBPVSTJ5nue+7zknES13mzOv6+pm\n5AtUuR10E7DsVtU55+s1yPNZR8s2It57B93Z1gbdHVU9xsUbqEr4i1Qfq6oIPveeM+6bocm5Eb8G\nmM/BDIrs7VrBg9yWMZ9mzuu6yCP8dhhgeXPWdl7d1hT8i5g+c6JFliFlESQsqawlhiL1oomndVaG\nQDoDYlQLKhUq1zDVoTbrYecNSMXMEvYKwCLLVhajAlZdVZVFEpRIlyz+RXdld13XfRzFu3sMhtPS\n6n05wpd0zPnQ5EfIV5HrvskvzEw3+t/pZAm1WXCnWuLivK5xaqw96Vkun3O+z63jQ88qhVSkgFZa\nlDRfXDmALapYz+oFowEYY/HFVZXnLteequ67TY97DSIsnUDTyqz5YyulEy29/A6+RJS8gPf7E1RZ\nb46D/ftf/7lF3C5Bfn6+f/vtt4hQ08FXzo1+Glx2e6zKClFOG8tqWpW5vzErpIvJQd2l0oAohKx+\nSRFRWpoNN8LgIiKuMIvK0+c6vKrbtAGBzvdbRNxuQmOiCrU5H0DUlA3mGKOyVJnRKLJpQxwomGLo\noFyCjBhDQ0pQQEcHXCTL1EWKg2SyaI4NhayU794nJA/egeVv0xnBl6q6ouK6X3RK4HPNrjJcHH3M\nX2Yjo1/3R7fM+RTDUqSya2YygZaCHcWIDvak3TAd1dyPckFGhCcNtg6MJUGXtkppmaaD7OOI6Q5p\nz2w1Gvl2ixWUCfSZWblOLyhn0tKl3WiJ05llTB+eGcpYWiYeCLJDpK9rmVA+z0MMO3bFqivZajFz\nKlukJRMiw63RgqWIIZEUEJXe7tjcAVt1DJiKMre0pbSkMqFDoC2RMRuNtu6y4RDMzzehFUDFRMAk\nVwd0m8Yo7YND0oGKUiBRqi6ocSlHFJWi2t3RrTTwY4nDWT+ZdWbqfstSe61hKRcM3386A/McHeOu\nfiJILiCLSaAmDal+5rvNKElb+rBtY7s7JNnnunWXoNwubunuPuOdFe52znIRaVRmDdfufr0+IqIL\nYzjT5N2sS9xH9RQ0oa3h3q29jE2afmcznniYo0uGtaBlPs9937mDZ6EdSS4Kx1r66/PnZUMUcDUd\nEW+/WGQ0SyZo5TLSqKiITrEePiqF4yJxhVhHm7uqGdzMI+LP/+1PP3/+w3FVFs37nuct0sNG7XL4\npGCfoqqqIZou9CNSVYg9zxzjashRaLKT1+WIqaSIZ6ALNNqNyOppZgLiGVbNkFEoLm6e9/VR1Z/v\nf/AMVlXAKDtSte6oTBUiMlA4pDvn5fcuyBuCGT3uAYUkSLqrLDdXkWEm5uSe2P/9/S/m1xMTQDXp\nzCBNcIxRJRHUZekmKfHQ0Co6utj/+3//IEjK4WRVq2nM6WYZbeoQ/Xw/nW3DBV/xpMt/RCSrmbMj\nJa/7RaPszGyyy1UNel/XPW5pjHE9z1MVahgr2baryumKJbqLYhERFXueaabSShfQM5Ph+xzzy6sg\nu0xN+SywmAbkpdYGubilM1HoME82DNDbpHBRLVtkjAuNihyXq+rkiD87iwkAtAPkcUtrpEEaE5QR\nHK0qVV0iv/32g3T+67pjJuM+hKyAXC0CP/zwW9cAEL1rOrri0xoUkOchIVefZ6patbQsASfWiJUE\nfIIeSjYk+dRnJUD1uq6Yz+6Il9GYfMMrVNWHZ4isvNk2ted5oMjM1/3Bn0+NlnzDlEiM44GXSeAY\n7mNpgFWZTUdmtEBmpKmLLM7Mcm2jJacCgmuMiIci5CemKp0016WyQIslr29Uvz5eBcll1RsqAigb\nZE4yZbEpVmAFvo5Vbr7LNNhsjUllQTd98M/neXRZOpNnqXMGA1QyU6Ezwi6HKlN8x7afJVFSdqoc\na7fnidNlYsOnFLvOOSv7QIuiklnDxkY4RASVDcMGhbgwJDMV3i1oNMTNeG0iiGqBujo5LU/S4F4N\nRgl0RF7XzaFXk1qjZGShGtfrmhHNPJAgHFcCdTNdLHVLmnB0CtDVldRkChUMMaO6jvvbnDNyZnCF\n60E8qhNYjX7uBFSWPs976YMAqKtuYURlZYkZIpdb+EE4q9bNN7PnmZnRUhl9v3hmsM/mjFqk0dKA\nPhGXXzOea9wRQQwKkF45ecq2nuXoGEMUwy5ZARvyPLGqZ0FVm3I3H/ywso2klrc+nZ+g2oWZQZBO\n/whzRyzVSW+JF0EiVhxmRikmuwnumIQIquT1+lFbfIg91Np3pzj2ORjl8dDg3a8q3V7PfD0OADfG\nGGMQ1ztNqOz52PkIC/CKPt97IPVeCkZwJwUQswDEnDxwNzoGimDPq5LfWNjfEbQN5LWIzCc3ZMZ9\nzUnuPupWUncOqEoaHH/CGENaM3PSqsLPZEnV7bqu53l+/fp1musNl61rts2F36IYA5Cx9pQzPjnD\nD9lDlBUpVS1Vc07Fkg5y7yDOy8d0sCDCcSJiqjsfYEET/Iv8UXIsx7tc/TxHVR1+HYBSGsMvstlk\nw5RnC8Mm++uedpwHcaYC3J0polNVqvAI+PJrnoyzNna5tIrZUyIczFTsa8llTd3HwPe5xcFGTkWc\nOx+GK/wgb+7ufpkNlu8HFlgnSs5vZ+Hmqg6NpT7/4pjzx64a7huBRzamzBdWNlCum97Ttb5+320d\n4zazmJWZR1QsTVXa5omK2XabycySbv2CxWtxWJcE71shXBR+81/Phe2Ntfm7nifOJZkNs+HjrqqZ\nkdmAMU+NJ+LiDdN+c4Vgf427zktxVpqAu8HXp+ZlkF1+3rhxWWZyQ+A4je+FDX99XE88cE6qzMwa\nwlEQ96v6Jtg+i3Y1ox10ZOOjf7/fvHsKn3MebW3V0iGfISKXQEQ4losHGZCnGpAtizkXcCYotQm4\n13VRuqgFMANzzi/RnZlxjMfv57P57bff9ttl55OczV22wIe/oCBHbi4iOpzr7Bx6IvI5g/4HtWeY\n/KOyyocltXfvbqbWVdXPnz9thVrNzuUWgG8DxrOS3H3O7AY3TV7e+bGqHhGxnG9rjOFmt49hzq/s\n/oPAVzZKzjP2TITOySegmRBF0sfkoHPGnPnr1y/uoZ3rgXWjUvqrj1mqGdWV5vG1HVO/UnxXx3yW\nDNp0Wd/Zjsebc1ZSSc+05/VoTAdRSAAKjyh+fN0eXiICygOWqsv538+JOIZVL8tJbHfceOY5WrDR\n/7Piz8rjWjQb56fxy7iWMhPy7TIAAD9+/DgAMffKz8+H2S1nSZh7Sp8RdEmLreufT8Z2cFs4kq5d\nVffkI3eQ3nlVzgfh90bXE5OnlBk6mKlLdpqcrz9nwNnFuIyx57fbMIO949qPzFAVnECKFI2iuI3O\n+ZbTT1zDtpHvqb14n8+Zd3aZ81lyxf8G8RaFj7FAOV4qfx1BfwDbjXItYdZnp+Q6y772+OT85RRD\n2BPj8wS5IM9h392MtuCxWo3YK4eOBS2a0nYN08F+b70mhZgiIvMd7k5PDgCm4kOdYWT7yc7n8SWa\nXvPnrC+J6alBeYVzvs8WKSKotn0WRkR0qkpEHBuGmSn7bKuq5/k8Y38R+fnzZy79Ws0553xz/vnM\nKUBBZPkT8F3ALtW1G1WxNy4yMl45T2TQemt8Wb8s0gp9TRifV3t6DGDO+X5+EXm2f/v9XwuNBjnk\nKkoP2Ln6ViVXrKre719VReBl4wnsnVdYJYcwmWzxpbq7VsrX5zvVPDsFyC4licsM29MOgBTchqmL\ndIsox20iDJWuLK6xCGYAlZqxHeDbWFFdojCmoFWGYkBWDFtFQ6Aw2edNZtJnh1EmvH3SDbA1tjFG\n5pTmyUzRh9BToWUNgmwpGJUc7TU0VOExVq0o0RZRtOQYo5LZQA0g4w8nsKCLWIKuSHuKywG97vup\nrBnmyg29d5M0xsVXkU7FQJs6L6N7keHYSezXj6Y34DPtlv00pZsm52CI1965uOHy/Sx2/ZnBzl1X\np7VYClAxN848Th2hqu6WOYWeab0eWRaNMLfzF0RNq5tdf2Z2HQpNcOjk5PYLpMWH88uG+/M8Y1yV\nreYzYoyhal3trhkzM/26zKyJDgA7U619a5FOCd98A81In9rbQWotrTDf3l2Hkua4M+FWbcVxKAgA\nujtxNjIrMlNAZ5JnTZL96i5VJ8OYtoKqB9p1oXuoiGxR6NFVxUp7GO/3u6qG37QmP3RM/tmnrMhx\nEmZFkk16NcUy9J943r+gY58lcFdyFqRlVrUg4036QEirmfZSgWF4VlfLsAGoqJG0SoClRN7PIzCa\nxuu46E2oMhSWWTR/+PXrnTPv60W1jvoNEZVVrv32258igjkMZlaVEJO9d5sZ1bTVU9WfZ2bN3W6u\nF+GPxW8yfUgWVWZtuEpxqVlLZU5tHcOf580cKPnqvYpOA10S+YjI6/USacDowDPGlTXVhghaUZHU\nGc143Jd+Vtp2tFOp6glN5YLZe844J6U5KcHlNrb6d2nZwJRXqHSqumTb3/7nP5mqmNoKdNuEITdz\nL950OV3/OoZFIMIEmVXB21bkd3dze28panXUhqlCMuW6xpxvTsxVR1ZntUIiQsVEOuv9j5+/xhho\ngSjtNHYl6JnpNM5FXwS46S+6NqB2txnT4NJC1QZjw1wUqm10wlhYwa4pxGwoHGK7xwfNZLpxXQPa\nIkqKBd9bomxmV0t05qUGKCeYAEysW+7Xh6J6BeCGqStsDQONlhSiBoi25HIzJAndtHsKmRtwNbmG\na7fplZFuFnOaGmWo0VMNnMtXtwjMIWioZoUA3aGG2XW7S1V1tVA419gpa2ZK2rWa0D/9AA4czOMY\nlHMJNrpEcSCUVWVU1vBV5lQVVx60pTVmzJ6DF1cFU8AXX3gQPfdKGj02U5kOpkxPdgBqKihVra7a\nJeRwFeGKS6AMqivNTkSqojn8gMAYpyUAUBTW6YIWv44iwTCnz12hKARb/QdAjVaUoCHZAhVVM6cU\n/vN5K5UmxaBdn3NhylXFGEUzoUysivmZy5dClQ0RCxuJfMxGRL6uV8zsapWkfWRmQjl6ZRHTY1xz\nxlKVi3AsKYLrukX6eZ5mSMA3NxVZs8Guop6Ec7VltmG3g+rALkbyzJkqDFfBbAoIFNXa4kNEJLPI\nVG+tAa3qEjT4ExKQrkQ3mrIvbRTNdrqLnpTu6mrxDgWbP1HlLFO6m3YFXXjmT7eLQLaqRc75PDCs\n0ZxqbpGnD20mZjgd4wj7m4i0pJn0CodIc+6wkwIDUzc1bel8OpOSTBG4esxUM4ZcqzF7BIK2NaiX\nzFnSPkZXrSmaaXeZCBpjjF/xKS2+G8fd5+URmhEgVGWX05lx31dUmOjQqqqZJTCFaJea8dx6nuUy\nTXpSU036b3/9H2qqZp3FAS0UWSna5hqTLDdmHy8qvtD6p9coCUB3McdgfZItgLyv6/N5CyPJ6SpQ\nyfCeiEkSRsak7LNazPWZD3kLAKQhUtn0m12sNeHoAA3VyITC1CHy8fEREXT1cXNRJmv0qqYhUbF4\nH9WZ033p9M6U+JSoRBc2pomsoC8mlhxUuqtLqnr4MEW1wHRGDB/d/bzfUMx4ejNDuivyIROGzNFu\ncnuVDJ/neQPCOXZmttTzzPt+vd/ztz/9OEcRAEG528oyVakuJmub4ljFKlDZJCyuOONa2vasFCzX\nmjF88bslGSckWGc53ZHGGKzc3+9PInXL7Z1UHNNaR+Ciq8NIg1mlzSG3rSBTVv47sFC2vBkCEUSW\nguDH5JsFpULNT0/Nn7ZKrdVqLNC5WtTQmexFMpPWW6yVmkmwe/xj11hgWuSZFgCIeHZrwv66cwMs\nw12qGzIjTC1mQCSr1JR52hEBxkj1Kh2e57nvF+sejtpEZM+rlx38PsO6KuczfakN01wrCoLMWGNq\naRYflMUyxa/3tOD8fQFWpiLN+I5qWk00pGc81z2YDyIiTRGvm6pF5GbmoSG0eSzkzmmSrpKlExJp\nCrqZGBVsTbpbHVVVkSLwsaKoZQE4fV23qkXQrB8ZU4SXCmZScysUtGDjgVKZNGBpVcyZ5mAS2Zwx\nabOqxnAr3XkpuszXnCTsQ2TiVkASYMSsWu1gbqb56/XRLYKiFEvV5oyzAmUrcjgBv8bIqjH8T3/6\n8/v9pkFexDS1azg9DHY6Ahsme55HB2xFzK1tvVsgvlinANk1XOBj3K/XR2a9n09VIwOwmA0LQpEJ\nhYB4pLzfn1j4j3eL/Z//+Gt3Z9EG4MwGW4HOk2i+sPWDTxEQ4JZITtt/mSpsurRcPhj83l3P83DK\nsb+sdUWML1QkM3liy4pC7e6677t5mmywjIDDmisKQdiREZMe574GEZHPGFY0fBABMK4Rk/PlLwOs\nU6ergzXXdV3fkQ0quVl/UaHKve95ZqN9GMmILZI04Hdv5H3f3ENrTQIWLslldN+DZ+Tr9ZGZcz7u\nnhkiSO5u3YDmIt6gu7OCLZTsCSf1csRnODpmZ9VVyrpHpLticxKkW51rlKgLbe3EDD//8UloiM/R\nXGOmqmYtfxjAIMbU0KqCqe2gD6rjADBg+CxofuSqXMM6gPlDMM0u32pVfpwW6Mo2WwHTvYc6VKXt\nE64Z+a2qGQ8qjdrCTrRIJuEaQSvUTNHQsQLT2QkTSTc1EaFg9Rwe0Nq4ipjRa8wEVlGqJi0KmQsW\nEKk2lWRuAC3zdTmi8LI/Pj56BWErrTbGsDOi4ArnLgPwG5kAVSzzM+oA+qoqTe/VVlVzPfZVVbVz\nxu0g76d5Io2HaSG25yuZ2YKWPEwZQE5Hy+XU3RkBOwpBka6x7PmSxOZ1UppWkojZMDFTRguaW2VW\nJysiGhBxLXXXM5/7Xpyu2q7dqsKSi09e9vyMCMwYo1bhL5kRFTD3ve0saHfRZp4x7u5+ngeqXUeX\ns/ijx+R12WYs42XenOLvyt3o7BnJ6mV5u/jBs1oq//GPfwB6XeN5nu4aw59n8uX6NhEku2ytdlLR\nI4JbjaysvjwBNfzjProXfx9SkWXm1bXYfLLFaNR499ccyMwBsf/49/8VnBGvSpbCnOoVyqNVBKFo\nHvQl93qeaerEX7AJDGekyS1J0XSJgRQhrd3m49vx0CS6XddgXVMdi8ku5e7vfFi41NbNs02DWFVm\nZWazY0+2Bhk+rLLU0M0IZoksYp26Eck1iOuQhvuwoWKCWoPQfc6Bt/5r6gKJfBSDoJiaRcTmPQm3\nDAViPsO1Woo9add9jzkPN6MBgiecfPa3BUpHOKGgvJuhvbV3jThqeN7nM3JACzjMpLW9odGCpXm5\n/U6Kje8R8RCd4IrPYm1oIrJ7fSGsLL3sClThPp5n4rQ4uipxAJAlVC4s2z9+TfJAPl8FqFmLzJjX\ndW1rp4qcIrjukZGXGf4Q7LfmzLZp3WtRF2vuMEWwqkJBerjPjOsakUEALqqYysrKnR9MAI7Oeo8H\n2JKqsXna1kNa1RJZ1nBdJFdXc3OysMelUg3z5nTduP+uCWStmWoxOHDl5IFqe2e1TpiOQwtzzCfv\nm9Sj1XGa2cfHR2Z2ZZe2hDnLz9gNgZ3CE1s9y23l4+ODbSJaTteygpbQqmKw/QLm63VzyxMRrPS4\n5Obu7i3VlcOv+X6YmnfmNKqoTmKDpmqQqmbnIdZzTlv5GEbKuZq01H2/znZx3xcHcNxtV5qxScRD\nagBshSVGAAAgAElEQVSfey11lQAtUgKFWkX2VvZ2t7kv4+7q4XeicwZ908hQ9G2jD1nWTAfarjzq\nEKGENbde+vv5wZMmMxVLAsI1I7IsvTjeGMMjJl0cajkNKFDXuLDZFqqKZTTWwHciFut3ZUEsAjP3\noQdZVMWMCQXDNVkaHHeTfbvSfv/rf2+pMbxy0vjNHS0ryYlBwFWVGeQdxzK8DREdPjiu3DgRURoh\nSkPHhsyk4WpVoSE8hyWpjyHgO27PDCIC5k7kpKoXpIAmc/a6nZRVMPZeFYqWrKKlX0O1lKnXpebv\n560mGWnmRGAYiAVR6F6US2GI6x5ZabDNJPuaR9UmBZnZ+/2peqDSGteQZXqlALi5Q8A9PRcblA+s\n53w4guvVqMYec4mgx3Ddcaxmyq8aY5Abjm3vlRljZeyVSMdMCKQb6HEN2nV11VDLqrnnhAarohFH\nkoa/y0DjVnm/Xk0qjyw2uvtYoCibmxAR7QoueoEkxNfnXR1Vdg0ftV6kyiJTgqK6tl0WZCYBHyZn\n9hLymakZMPPtTjJ10CvxbPGscPloqnsAw1HL8K/j8zHV5AJbuAEO4M5dprtZNaHluq6ckduEQEQi\nPgHjIFSpEWgpkaFLoxhBsR57OJ/znVnmV5EkJmUwISK6uUPr6XbTpwWQ67o/Pz8JMGL7Bne3ZF5+\nMzZapG+/IFLI7przkerMxjJT+7K9/N5Sn6HXuGyf2b3BTFYgrYqIWZxIKfi/+Gqzequq61qMFP6S\nNY8RZMVJ4xNB1qzOw6riDnhdY05y0qy6oyaVFtc9KJqlMdQYHvNx0+eZ13WNcb3fn6xwuYGw7ub6\nAYQKVRIaWaCb+6xFcj+MqVXpKwB1G1FhrJYEAKgu101jlYY05hOEcQ5pompy1gLxqs76oyFES2UK\nDXxaBNmNA2qJ9PN+uw2mRzUBFFmjrIiHSNRRDrPAOmwZbDJxS2DZoBG0TDXhg2BWBK/lme/qjE4D\nRDi9KNkOM/bvv//lHndF0eeou1VN2hcdQk8BQloLmyZuN+qqpfF+3iyF3Kwa7wg1kabyQLurMwC3\nnZEEQFawMiOD/f1+L+/4pfeQ7iTfls6WZi4Q6TrEbbaxERFPd+d9DYNBIFnL60fUXXXbta8Xuyln\nabVhPrjBZdTr9ZExDUJ0GIANi9yeX+AHYYPSZp49BSLQWpnXIt0KKLkiVCC10MIho9XwPJPWwYph\nRg6ZsCcAzNQziv5BALpI5RwMMnQ/ClgO33SDMyKt9+1mDnESyLqrurcjllVRx+yiKDRJp7a1MKQG\ndWtm0aYfoNeVDL/VZBehqcYT0bOzugBI1VB6rlV2Z0vPcHNytjiXrmIj+UXdAOG2qnyHQKvayPFa\nSXuK5XGfDIZijGRVikplLgqdiDnUzHRwZM1eNSPMr6rOSmmYuKhWtbrSAHmM4deoKgFiTtazY4zP\nz093X7aCWPyEaCbe2uWXSPeyID/Gnq06GtBG0aNWXaAEndQkg86LqeYlyU68l7clNbEXyWaACKoh\nWaLWgn6epyQgQsSoeT6KUIVs6ubLX56V+zM/IcqRCbSiu6TVrURa8Lpf7/cjAuZBzqcuv5yUGAyR\nNemhVpnzMNIT7oVBG0TjidIuaUYwClBS1Si02UCbqL7nGwaBZ7WoVNXr/mA5CPVfvz7VFGKQNe2P\nSiwUxehbK2umnFkx/DLzDabHnLNqFbYNgZgEjyh5nveihsEgqBRpzDnh3sWYQzzPo+o0Rh3DzXQ+\na0dmnMR1k4MHbnEQEsSnNOlPbXpVdgqN+cQvdk4vajwVg6NX0y5pziTjmcMH65PMWoRcaGZe11UV\nm8WnM573mwrq5Ux+jbtqTa3u+3IbXdnVDMnKaIhCYGq33tJK0mRvpoi72//++79+E7aw3OAAgaj0\notewfqd6C9CIvO8BVEbBTBUVCWA+wcK8sxnFMC6mmcjY5mKH+soTbPjFcI8+wgQoRKWWBVJv0U3M\nZTVHNp4Z9aVq6lWZcyt6pBQeEZxZqVoXhpuKLduGJqWJUdVFr1Q2+wcQcDPZhA0R2f7pwoll5pQS\nxjnXdyGJrNCvWj041facxdOsXAnGEafes7vjtrbaMfYi3UktEkV0GxpGM6GRHVrD7YqcY1wt3dIc\n7FSUmkGBhpqqKL05eWFfA5Jan3FJmUBlis757AKH2/hKczZTpt6wRPIVNcdJacmusmvJI2ifKZnl\nal3NzPvKNPXK9IuUO0SEqR2IWbCcWDZqLKrLXlEEplrdpu7m6N5ePy3E8SnrNe2SEjFBVqppTBZx\nMq7r/bwXJWZznze9/Rj8IrNEq0uu61WrZj+2aP7MqWaU6nZmdXPEssrnFjXrNYgqNxOIqZE2usvM\nNFvqP26p86EAfTFDqkV1WRWOMZayCovvTBf7o/ki38ndKhdYN9Sk+/KRM46YiNXVNe7o4pHCVfrU\nRKuZQzjDzOahIsiMrIaIqwlW4IytbJ9gQGhmPTPcraXmfNwu8iwr2SmpmUYGh7Jux8ZDzL2pal2R\ntuyA5Rr3pqspm/g532MwppiQplA00CUbGV5+7llzE5Tpa7VUxN19XzcFRFhSVRnjakmaTep27Knq\nyBzXgKJLqqqa3lYLtRyOkujOnWCVCu9dBVZXE5tSk24RjGtEzMzHjK1nqmtLCUwEUMxn5krNpYhE\nj8iZAxXKoHZrlbRcnXMuUvI2FuLAZpV9Avv77/9Sy3i2lpalG6LR8cSkvcl1Xdv5RIkhLuApJg26\ns/Ji1pJ6ZVXVsIvvDOdyZ++2bzqpqpwzILpbUdkbKIOeFv/y/TzLdTKTlWn3gikzFw9P0Pf1WgUi\neD5ll7iNhbRDShbWWpWXj6zkjiCL/GsiYO9yOMv9pV1a2zf1Da4KFW6XlLcRtz16VJrBru5vmb5y\n6MHR4prbYNHAR+YaIYxxRUwWLFyyp9eW7QdAdq27SVOPs2Kbhi/3FW76WDFvJg0KBWisZn/I85T9\n9HkUsf0kKZ7jjQJkziCngmcfDVXMrCgNdWW74Cuap/b+PgDJSjQcKtXm3tIVpepcZ93dQs64fRO8\nSG+ZNN9MU1/Y3wxqINjYtjRNRdRoOU5iq/kY3Soi8cyuMlOTdWwvj5FvsBu+hMdLDbRpCWV6qWK9\nK1BV3Pfdi+jbnHzFnLoVxbVIkHd19h4G3H5X564PasMjyv6JbTHbRZZppDDOKNvq4toq39qioep0\nu2iv+Hq91FDZWQFRVctOV6vIDZyukdiuD+ypiExTzww1SYGIdrZIUy5r5kwN4uwsllFt1I7ToqyB\nO8bOdSIGDQLcEdVdw6/qoFWyqjKVQVX54kmTPSysAA5SkbkGOnzKvEksaHjUVRcXY0YBmjVp1N6S\nZjgBy8987svnnIsqXquK3faZ0qXC2TLWFOFIi8U0akJk+DXGVVUKW58awoB11auqFX5dd3QDyd0m\n2Dgz22enBgIyLjL6y9Y23d0wVTLOu7slKpvj0DknUevX6+7l+3+sQFd1dV2juRyX1wL2SNwyW/cr\npBwfc5PidIKbMtfWAfu3xeWX7S23Ccq63u+3qt7jJXvS3d30R/z8/OTF8Vs4T6BPWX3F0XJmz68B\nTy0ykfubB8DX51NdBn5ix0Nul6UrSntNRboiQvaHxyaQ8bMvZd6G+Q6RZr/za2OVPVTRbTmAb1au\nvAm7KfnKR+anYzVU2/BWvjnEzp0IgTVF/PJLsC3RPCob2+qVMwg69decc6wdeZ1J/eU736o6309t\n/2E+yu9X291fmciq/HS1+7WtIF0fx1fuxPpiEXE7tub27RbhUDhUlaLBc2piGwufrzlcrJjp7r6T\no88C0G9/yHzlZ3meh883l7SadDVRmu1t3y7+0rGj8nLrouWbJfKWAsrOJ6pvj0boGPG9QSGNml4d\nZ33GrG4885OjaSx9PLDimTbffH+045V97p67y+aVxUpG7HM/qXZx9z/96U+8nlMencVQ25iB7+95\nNN/KLJzXXLddNn/F0XZx0QLI/ort5kfgH+2lDOdFxjyeJbiu17babrUvb9vuJj6xXCiWp4hEBCXl\n1GnrFhtm5hi37qMud5JB92qOsUXF55y+rmuMQWc0/0rH7mNKfLqZ3InnmcnDkvd2m6GuP5Ur0rol\nf/z4kSWmjBz5Ilzx4Mkt++jucX+pKHZNXZn5+fmT93w9TYB8p7M/bDLuOtr5ZyPSurnUywHieyV6\nboW7299+/4ua62op1jtpppVFgC8jAd1E3cwUWgZWtdJKFRCzzoao2bjv15yPDW+h0KEFUhJVet3X\n3EPtrAn3bGkxVI/rjicgOnzsImiZk1Cu50aAwqFDWiClMhTY4tXJwFkAw0fMyTGjQk1RmYYB1Yxt\ngxWpasGi0kbXQtWFrj0iz/xkcbbvOJbl/3xEJCrMLKtM2VJMerOx6Mtct74LJGVj0fvW5lI9TS8R\nBswrxQ6uzXsItTGcaLu0iiAzbGhLC7SlzBXaWPaByxKWQ4jneS9TIWeODLICiphPS1WlXQoVNZgo\nVTmRMS5fPPFecU4qSqZ8ZsQOuOgWRkkxsUgVTDEHlHXTmemtPXT47gi7IWiR6poBB0TU7qxUky5R\nNQ7xdJsTgE92t+HVJWyl8czI4YOFvDllBN0t5sZLMjPdvYXU1zYE4PPzE98866EMf2gIzpyqiqMZ\nraxxXTPnfH4plBa4c86WQIuJmhWkRFrF3Dzm42r3dc3nPUxLcvjVDdWSrk6xYW1dGWqAjhnR0rYe\n02PjEmCseLZiId/FgIhoti/fdoq199XsLoVXFSdG3W0wjvmz2ocpXASVFA/Y+/32ywBtSAut6bq7\nOlsMat7oRt/jqkUEDFVIF+vcTQjpJSqkaLK7dEbU/frIymemonm7BAEg5Pq4b9lu4TnT1ToTIgrN\nyBkTpoaqaFMGrhoL6uG3mtYyDrPM4ndFJBlH3UKOdTEPWQoQs/W2ZtIDcoq0uj41r/uOSsEVj0FF\nqco2ywij+k+qsxqQFjN9P58CyjHBLXE+66AyvZa3YD4KVM3KUowu0kJSFII2JayqdAVnNHFVkEOh\npq4G9k/E38y3dLy7W9GVklE+LkArZsznGlfv61RgqCkEDPGUrkz7+9/+xd0yJv1hsYE5vlRu/vn5\nSW4Q55GyJPgJyHUNAYNCQOu9qp5zcr81OyWqnIZ3lwybSi/w4Wiprq7/WiBHxH3fLN9OPQXVruhK\nhXbXzGQGC+fSals9R8WNCXFhVcsqkWLPW8X5VY3jTLL2EQbKLPtDQjz4iiNodwPAzF+okxevENn1\nS/VXoi7jTU/MxZzL/JY1JW/FjPfqY3YdPLe/AilQ3Z0ZtNCoqJ3xR4aMmI7qFWdKMn7uZCXWJpGb\net8tIj6uiOTwec6pPhZrsiorbLuX5Lbf0l0LV5UIVh+OFYzApS/yVRfvm7naDlWd8VC4S2w1m5lt\nnMk12bKqmhW9jDaFITu0MdiUfwDqpq76RDAVIGJiy+zNXdCdeV13d+eaKZZz/qaAyFHtywpqhUJN\nvXfEx9n0F0moe1xXZLhClT7dCxQmECwo+p4SSQDkHG8RYWMpEjqbPGYoz4yoKnPvljrSIZXMZuJr\ndwk1eMVHQHNrh0DPhY3Bl4J3nSeobvsXlt4AxmXc9wGYo6UEDV8cHpYykcmgtK604YJ6nqeqpGQz\nfRdeX1VjeOTDlcb12plsDmleMtxjhjK9vRgCcT/Ps6ZulS31fj43FMPIp2CyUkvZVmMx+i4i7vtV\n2WMotSAsWc5iM8MYTgUltvUj/y+5Sdyv+GZ1iwBVMudEt/md0UC3zIgJcwXcbM43hRSwQbJsfjOt\nwrYYcx/uIzNIvxL0dY05H/6iWtn0xZS3OpW4DRFkBXa+AXnGFIpujn8SDq1q2uUxHqu67vvVBb8G\nVFpkDC8aWkCoZ4FBmDhvsL/99Z9VVYEZb1WTxlhGRQVodsNQ3W7IbGlU15bA2MEuMt4AiBaNMajG\nXOC3s8sIU6eNe1UDwihOiNJ7/snwRQj5sjk8/a+qrugJvrfVUFGYKJXT7cNYRLPD6l6QnWiLICMA\nkj20Kt/vNzMifHCeQ3ygM+fBTNwGFWVcQ/zVFD3MOUVa4Wpuimd+Xn5XVfdiguomsWZ1o+5rdK+G\nd85533d3QczdI5+NgeDjdRNqhC3Dlu6aMV3xfp5VykJQ1GMg5txd6qQ+gDRB3oFFWBTRHTDGAX1W\nkQi/TzNDo7Pv112dupvcs5QjJnnW3AxVFS3PfK/5oS4Wz2kJiQacFywrquL1+vH5+UkjqgOFzfmY\nmUDcx4xtYLsBKwBjXOPyY71dlF9UBx3SpZXk/F3AosWB3BR7FWSmipqNkKyqm/iewoa7eyVj8NZB\nxeqBy2/FTAMsDqRo+bSyrXtx5ZXsNDrusa4/2E43z60eY0gzJ3YpP0VAKxUVAOpuqvrMt6pjTbAt\nIndttNjTUsLskfUWHMeuUxJWEeQUFO02zSxy0r1DdzBUsNsilT5FzUztmZ8KatzokCHdHU9klzvz\nMQSAG8WcPWOSWeTuGRERz/OU1H2/fv78OcaIyEMddPeIlO5a1NgVJHSKtoXVVHGorgYi7LEi6aM6\nNiy58jTYgVEuAIBJ9KTAdvc3Uw2aczW1DdWSFbr2hxK4QsyRMVVXNsX9ej3PmzjJ+/Op6OseXNh6\nAoLcedk7uV6qJqvs6xpmBFGVG7T7eObDoae7u18ReY0lAKQO1kyZOsLi7L5vLNK5H0k8l0Rm3/dH\nRs54X5c9zxRJqDVZZ/mYmanOjsyyf/v9X9x9Ps8YDkhGjeFzvt01IgT6PM91u7NbB9nIek7yvcKo\nFME26JnVvQsi6sSkS5Y5zhLxNz9btbh5ZEouuN+2mTA2yH4AXABZJeiu6pKUgoBuhWdf49d3dXVl\nZWSZWWWbm5pUtjlEoG4icigxVWkOetLKxi57D1c3trVY/xzu+7jMpDvXTh15XUN2zo6ZpQgWarCO\nqPO7FM6TJuIB1N1NFxukdyPJ+ZUK1K1oWSeLEV7dpjQCpWlTuy9L/d7Gh9hzhfu64lgkMi1+D1qe\nIOWUgFEfPB17dIElrRw826rK1NRWwFjM0E1Fx4awfTl50YSSxOesKoYf8ccuGBRcLcUVdUYdvPnX\nfT3PJ/sU3kH+JrUB4LquiGeY1xYKVE5XK36DakYMNS7PkqrMxcpXjYzqVrPXdf369Us3v/jUfUu7\nq3KNkV2ulrnr1ojqVNhmdxIXXhzn78qXrO4W9yEtGSk8U2VJ0rNCWoZ6rrk6pLUjyW3inrUQcxI8\nRHWXq/I1F8H7+eQ93CdKd5N30Pd9R7yBQd3JUsDtU5pnM82C3s8n2H9i/RwRcXXCx7RFAxnMZi3J\nKnCd34vV7ur6/QVneA6PqKoifei4bes23z4N/TnUuY1u6r2vlbb8vHBQqVrTwVkllWQPR0GkG0IV\nmOzxLznEDVh2u5tUGQ16gDmfa9B0QVlij0EsNN38vl/u9n0wdi6YF8/+eOGIa9DDrgirO5lLyrdh\ncaKCNHNey6ZLqlvd+KrqdlHmQ2apN4ZXNmDDX5mzm7TpxXDJypgMBlF0RZa62v/53/8KcLcMVXO/\nZkzdG00t5yypyG657quq1nEBUUV0i8KkzBiGwln2w4HvaqD+f1VftiRJjiSndgAeWd1C4TsfyCGX\nu9wZCkX4/7/Frc5w2MEHBTxj8qG7KiUqIvwCzNT0IE3ZMMdrr7xdZiqFtZYNi2oze83rqdnt+JU/\nVfMDyDIAugEVqCttJTYQAConq7o6W03h7TrQeF0vZkw36uvr630fIcAZ5PqOoPunGLPnO7xeL+7G\nXIYyw3RWNdtZU6YOye5Pz/z5vLz4VGwLnR2Sx1t8K4lUtYJWi2h5BDu6hx8id6zX10RBRTIi0cPH\nc6P7cLIJ+XQ9kAhXh2d8mpk+TZsCecw5o1K7TRCZUXsOU1VjzhVhqmPsfghAVV/XlREUyXJJyp00\ntF1Jn6Vnd/FzuEtGjzFaYO6MLDfX82+ZG95UODBXa4MzjUNUZQ3RpprZHKpmrXwvPqIi0sip/rqu\nRavnuLlb0tX9O26GOFdVA/exB4nFa+qklHHJ4OJexe64q1aVHLBlubu5RpAPKve96Jcr22gBT0WS\nD1WBHCdDN+a4GIhRiEoMGyuXCCcSKse6Ra0kxVSjF98T0Z9r4tNgHZd7O6UP8fFnd0/AxvDIRccn\nUVm5XDWzrjErQ9R8WFW6euEnulOhvSfkuwiHdGMntnc9MEU16uvr1Ql0mkploBC1c31J7+uuzHq9\nXkR0RXDfbwIXxGe4XOg2qoC7r3WT4p0ZVdTQ7mWH1RLpzgKvHGYwa6hWEO7naJFNlZj5uguu+7MA\nFSnASUwka4taFlWhagwiopkVsZ4Ei2fnFpHhl+qOLhmDmoxtyQf0GBf9tSrr1x+/zJ5citZtV5WE\nN91HZdMzSgTVyQCQMTyjSX5jF+jDVOy+S0zU2lxkY4l06IOoVodCoKhq+/u//o3uorxj2BHgRBP0\nbmkaSkxs7/0AuqFQNykUqtw32isCY3hexRyTJTbAmU+aaXRGpqtH3nPOzka3mwKVGa/XtdbdXaps\nH1dVqEENha4KVzNmzRF3NlURbdBNBaLuo7MrUwUd6aZAZ63CDn4aYzzhcJAWNYoYs3LjvKrm9Kuz\nRvsYez/WTf4ymCgatWK5DxMy4YopT2jKdDPXrWKK8b6/nypbVckSc5HcdsFY6/YxqoUQICu+lt7x\nc6KkvWdni4maHM8/QKta1avoFtTkobNSzhMt9izQ26u0m45IXOcBseFVjaNkJtrb3VQ89Q7zpJcT\nHiGVQOow2J6mtTr5S/Y6ZpOrc6y45tWHf5TduRJbvTkid6xutVRD1YWsCVOI3Pdt5mi4O4FgTqsr\n06cTJbPhsRbUm5uHuIpHVwlUUVkQYSW+wR8RhZDAczDZhwpZ2IBfG9VbohE5Bm3uqdxlPVjucmpn\n0B6kqs2G+t6lfM6sToj5yBVQ5GOsCCkUeMbBz8z9lQoiErktDYAU6KosSXVtyUJnNboyc7ycf1Vy\nCl1JtIluUS+5ceyhYvejlwC1uhWFQGNDWOMnfiTu4BT5U2YhIl26ieSa3W3+et8BsUa3NBuKOM7h\nVS0w05G1Hiqtqncp4JnFzk/VRK1yO8s1MeyqSlSXmamBSvLeVB8/CMnowpyD7Gk07ozpu9A8nTe6\nRdVivdFtKvSahHhU2FAQoqxWkeEeaxF1EDWcwLN+on7u3AWtHuamiKoVUk3VJHJBFLCVS02l5V43\nnwJAQFCByqqW73vR95BsjOLoDd3QapjaWvfr9fJha2VVuw1IViVLoBaIGLpMtXd7BJdR0ci2//OP\n/8ktxUxBjgS6m35veSx9BAITveagsJ78xblXvaaeELublO/vv7hh0swhIih9UtUVoW61Yriz6KCj\n0Jik5exsMGKyLDarkFnuo6sufwm0imHQqeI2Rq48jNq+V+QKku6BhrCsJs9XMop6IhOtIntaKzhQ\nUhx4QUQaNfzKKml0FZkDXVDrqhSoqGRVd11z5sozy9quyqrCPF9VrdyzZVXRY7ZOT+M47oNmtPEp\ngZGNW1UCMeBh+h4TsY3tGERMIvKRz5xuA2h9uEbyIXDntpXdjSZmWo2MNDXWaN2ttie2eQLJ9gk5\nfinMrd5A2SHA6UkFqioI5DyETyX70LzkySFqAHBRap8ilqkjqD0hCXk3rdyPVfVe9/TxXvcBc7wy\nmGUh1NdEqA8AjYwVPma8b1GJXG5mZsS4IuMa0499UJ48dEJq3Z0VxIdliJhmxFq039iOH8yejAie\nje5j96gaSXNQ2iIY0Pe9zKzRbt5Zwg0+V1VWLiWSZmpiwxynRrvf35Tv9qY2qJr43H1MVSJ7+iS0\ntXINdVcKqiW71vs2M3R+va6oiDvdOcprUcmVQw0tLUx8NBHpyve6WZ/SZzAqd7AiDE1SOR77rfu+\nTUdvAT1BDrnvJWrVoB7YPoRpvo+FXYW7c73bZhUtW0knqnQh6OJZJFxDSOQhdPKE6+E+MAe4ujiu\nf6qo3T2w+VAOzBWxlpFYWs2VEdh+pgfRxQM2ulmTHg0M9zGcIHN1qXRXqelaC9IVOdwjblHrFnQJ\ni+HNNT0+2JnMoaU5FekGkSuyTT1imW+umopd11xrdZN5ZcMfMcQM6hgiu0ArE1ETtG4drCgt9+RA\neFW17p90tAcL48kiRsHH/qGmAtsllS++j+bo4ds+LeQGW1cc6rp0C84svn8UQ/LA032mqXzzqlrr\n0we51nsPWzZFXXdC/IYIdgrBfvGzAD1LFf/QWaSE86eqIuL379/9MTfG4b9zGSWE+sx2+oO4veL9\nrIkkHuybpvskJf0Q6vOk99UOs982cnKgSfkYPDxXJE/UDg/2eZPnq+6r+0y1tjXKTo8S09NTi+1Q\n8n9i3T51ynPh6gCmueNSN93z+YZ14rT6ZNHx2OvQ/HF2Ai70/M2DYPKfnIzAfbq6u1aQgMzPpTMJ\njg7g+W7YAMIA8H6/yeCuY1ZKyOhALvbH16+zHp1Yx4+Ayed62UllwvbCwycvXj9SnJ5vAgAqnwOP\n51o8L9tfQ3Wttx59SZ8ZT3eveL/fb0I67s7Z42ftLIftHuv9+c0Fm6gjP/KLo/PIZNnEyubz4qL3\neLN2uObWnTwRlZRHHun8dtriecgnlXAXnP0UE88zu8+w+PM9sTO3N0v9aS6fU0RSkBllXvZ+r+fW\n4ms41HmezYcV/ixWz9E9Dxd565B6ft+dPg6z4BzFc0T0hcaRdMTWTlbEXR9OPk8xum/Ij6Nwd3RT\nH/B5jHX0DdQYNmmIqpnJZUE+fri8PPd5d4rsq9ndHAWdu/FHr9DHBlXO8reftE2hO6IADpdEpM9q\nQD+hXbuJrXeYDVWd44XDdKxt71ki8nq9+HSAprjdzcepHzGRxypO7Z777Nl4GdF533etZnQcDvej\nWzpLsa10K1Ihcuw0Vd19ZvZmgzWmXyLCPFJmKmx6HJK3r+5sPFLVN6GKDnmuD3snM9NEXa2rGGDm\niMoAABoOSURBVMv3PAMiMoZxlchoFefhcJOrM5nRM2rv7vf7bTrmnBlbCcVFB4n/+I+/eGcwZZDX\nj98ZwPpevJW56+wFtw9CeoL3uM7udXz9uHLu13TZ8OcZqwRRvmd3/1zgujNi1XFceIYij4KGzdaP\njMKMujY5kCUAJsECMIifdFkR0UYVtPFsJCc84Cxqqs+9O3x+PlS8fJm91ppzmg4f1+KJyo198+Ku\n73fei5l5fOyftfUHWaoSeeyzqcKVefnzgtyC3jxEjp7T6QTCeiVzcYN51peI2CqY7njfHXkNbWwO\nVVXRnow3vIgwU4mF6vf3NwBVrPXubrfJ+5BYxFm/oiq45J2HDib+fK6Kd8nXvJBlh1Kp4mvlUbf7\ndV1zvJj0++ef/2nrko5cTtU5PrGTr1tVv3//PuuRdUsVZBsMgKpG3gxVFaseTlTjRyL03Lq/v/+q\nqliLz1hUsh5SdUbx5Qm4oDsTT0J3QrKxRDoiBJtR0zuQgKtBPduMmYGoIzLi1qODwxFMPcsu79u/\n/vrruq77vsUtTpJtVc05Ufnka/PQIsJ1UJ//FGrd/f39fVa23Uzokwnl1gJppXiTdzu66Wq3dyz6\nTMjeVtnumA0GDpiZ2XCf6x1178fWzOzf/vV/5B4qQ9x1OG3z3EcTCALcrFAiqNx1Lrwrg8gVRRYC\n75bjSUKHXqia+8isLjBsyMzQWl2qCtHIEjF00jkocwkcyPt+b9Sw0aVSMownkWckzZyd+Bgzs675\nRaj6s0zjkB3AGHOtt5nT5MTEulT2GBa1lnYn9qR3IwyQ6hrTqsKnZiH3hpuAXIPcx165hrsY7zOO\neprpYr2TpFC99gyjiHrBhlWm9kB31A01dY3ve7gJtp+hqipU1ehv8Y57iA7XVoVUdToTfOaojshQ\n22ZMaBFt0OmzurAFRP3YiKuWKLa/q3S1m6l0ZUDaXDMj7mVUhh+1qpl3J8VudJDlXEJEzJnaMWQP\nWvWzYpKN8PB6NSDUTOtpe3sXfV4C2PGSRVfDhykQ2zJBCcEqaNstQEu3iUb29fpasRI5fMhDRc1U\n9JxjVSp5nGe7kh+0KrNuRqWzz6FafRPxQUc0pRrAhka+S8TVyUEWUUipbO6pANIYY+q2yNJcqehh\nI953JTE03koJ6Bivisouv6bBVC36NrPuBEF4RKPVpCLNvDMV6upROcS1BeqAZJeLGbShAi0UlQVr\n0dCcTC0lkZdnGK2qXoiTa9m52sckmbJREOmW7nT3ba2IH4nsmLbufNp7M7vv022YCUTMeks9QK/N\nrQ8A0FCx7opYknB1hQJtqpUYPklGaggSXa209hQwYQonY1m1M7lE8C5lDfvDKXoaFFURzYZszAAF\nl/u+rznpSJ3A9Mk920wAia6KOytUdK2Falf6bbC0lbVuH/Z+/z/hfDZbtVW8RVpgrbHunZpSYVCA\nsC1E4Wr3/Y0uVSisSyLeNpTkPeo+zRySoqhK6YHGsHHsPNVMM7J6dZerCPVniuogbtbd9o9//++c\ntzYyTnZ7RXB6m+tIcgTaTdWciujQ3mppcu+QlcN3T21OW9HMCh87Nohazczk43+KyzZTdD/UffJS\nSXKac5LA9DQ7j+kKgN+/f1/XdZQ7a0s04xb8NKotlRFAc1tSVzWLtcaYJDP42JRqcsJaWlk1t0YW\nvbM5tzSzagxXVc0oEYFKNceAklkCZowQaNLijSx0+v0JKfRxlDDdY5gyeqaK5tprLbHz/SPmHN1Z\nXdXpIiJGkt+OoVDSvRWoiqre9km6UyOwVlDVRS2GmURkA6S6d7cNo9/TPsNHyDPHBKiSGABowRax\nhB2fiplmZ0Wq6phj3Wuj3kdE86zv2GrVSS0bnS8BsBMSkR2TxKT7bqK6K0LVnGukSrGYUhXUWiGq\nAokMN+3uqOAZFhKmyBkw6UyFqOodi8rnR0vC/xYVQ8Yd5kcE9Ey/qSRkNouqRoa7iVkn9ZPbZJyp\nAk8lSk9gObIGSigfmJGecWo6xqxERKhbZhq0qqJWVQE9zAFpbP7Sum89rnNAX1+vtVt48rF2+AlJ\nrYXKCGIfpHWb2cPU3hBB8chqXnMT97rFhHQvMxPQMiiv64oTUVJHDwWADuFmNK8msR3HYa3pFDbM\nqkNAb2GoAYKqEEVWQNpNs0KNduDtblkhW7clve3VRA7PhOf2EQHosUviCkADlmfGU2hzy0rOrvED\nmJi6gXNbANLZ2fVEVoy1UlQUmrlBlQeQoBpvF90qw79EbV6zkwl0WV2R2dnzOgHxxsCQZt0bEcPH\nVkSr+KDsCxBht+BuolLVNKalcZiaqmlm+FB0ZVZkXHOamZC/L86amGsdGA2672NIZ4FeS7R6O8YF\nmVkVbFV4VC76AzP9M6JKbQLB0y2l6R8bE76J2aCb2m6N90dwYNjdvVbSyWvOl5nRZANSvlfbDbme\nmeEB0IVFxB4G0r73DNyExjJ0IMFBSB/YTg7GvWgeoGIfLMBP2gkPnAikua+Mpw0EQGtmAnzmMudk\nL8Z/SBMbhXSkqr5jnTZzf40HpcWpMR+oSs7PWmutRZOTPvEL5qqQ12uaiyqyKKmNzko6k8jGymig\n8Vy753P1EED1uFs8LXnsqJrNf7djUSLH/3KMUT/UN/k8hIiIXBH3Mzl4VvyPk1aq2llzTrONGQDF\no+BPxKLKzJgIegZx5EHf900VrlQXZ279c5OoKgcAeiw4/ropDF4lMLPEw+XfXkOfx7KtXURUHFBh\nU0/Yubfq9Rxv4WO0sOsXpOo+XnYzG0NPPLgNAFVU1a9fv+indN/RRUg6MtfX15d+jDfqTGgyM/L2\nn6Sqn/ek6y+f3zwWpAehwmZ2nbFZHN+nB2cgqvAMSIj+jzHGNN5+kbftLJefCdlzUfgh9RHKtheB\ngyL28YR5bnXCcfu2r4p745ZnhUhOsDemZ8Ydaxua8hBM9YwD8/ystarAOxcbIBZKRn7//i60gggc\nIm9V/f3797MaPFent0B3cIV5WL8kwuIEcFeVm5joGKxWqitQ/Tzj3CeIVT4XC4cy8MxdOPxwn1lA\nKzVTVSXalFPoAeuxyakASnx0SSNFO2vZ3//X37huCuCmd6QKOnOY6E77LBFkpYuuqO5WYbSKzjlp\nw8u0oDpKOXZ/qvr19UUHpXlpRBL7Qz9b6LHZFGSGikDKN8SvqmI2qqrA0BQANAAY399/PaBYZgHd\nSLchKmKERtrMszJqyQnQEBWfI6uY41xdVRW5yNtgLyND6Vdjpve6q/L1elWlgDrsjSIINDK27YBq\nZRGLBBKyozaOq0wDnPh7JTP5gOy1VkkzBRAikrXZVyKFg9btwQiU6HO3iNZJyFRoZqqbmri7VKvZ\nijDdBOHeMQtg5tEY3igVczPd31BXbEtL3yHOO5UC3XNOWhcQ7c7YcH5mYutlVNCb9dyl8jPJ2e95\n8HQfnpHPFri3k7O4x4noy4yhlh30YIh7Da6PsoOztVsH1Siamdc1KrO1q9LcYi2DcUlOFBpSZxrR\nW9eeJ7FPp2cmqmwq10I+ojzzWbFj0irq8EByq0tKNjCkhaVboLu76cwgufRZf0WkO1WNgmf2BABM\nPTMjSlUYLe0uKv59/zXnzIx4l+qmsZi5HHs4LrU2PLuu61pxZy4bA4xVFRORqDB3WkjSekEPnelM\nenhvlCjM/fuv76pSaJyS7hzpz6CYHrxVVbWoA9AddHPK+ZMJtekMgqowqYawiTfTzBWRTJI5ebz7\n4zjVfzgLRM97hzUqRKpiTmpfTVUiYgwnQzczuH3eWVUlZxqs+3YQU/n+/u5ThrI9gY5GZyzSLs1V\nRFWMu2zt+dl41t8DSZWIrsUk6+1kRVuXyKViIsQ+dwBsNwWeHJmspq5FGJxbRUoQWj48aPlZKsYk\nKTvarjnnrhYaLa3uRgY2Wnho5ve95hCaOtg//v1fxhj3e7lhDM8GMk2gm713KCsG7OQ/VdHuvO87\nM0+6BTeukJ3bG93VXYzvcRuQiDgE3hbzmVnmrSrv+5vAnO/8qn4EPpmVwcw5TrFrXoMs8mcbrOox\nfPNiUW3iwltcRQFHM+OqTVREkVldTfIfd7VuqLmpqWpKD3N03/FmUfvnn3/e93uzbiBz+pzzfi9R\naRPpVrNce0sn/E0fdtWtQ6sdNk8+r0BKYSJCv7CmKKPy2OgLzi3VFSKg6Qq2Gg3ScFNSvsyMwTWm\nmpnX1yWitCXYiTlqVNID6K4sWu4pulnv5E/ojACwY0G3nyvTp2PIrDG8dyCcbTOQ2vl/ACLj0/L3\naXe6e15TTd/v7zFHFh9Ofc1rT7MF7p6VtuE/KpktYhG66U08yM6ieWKDwCgUEhXZoapDTKHCVWww\nEiT53XR4n+aAixFMVTTWt6hCZY6his7TRphwQSfRsLK51yZXtFxuQ0RX3mM4FT22XYhhDrTxfqBn\nBlCqcrT3IHhlvt98V3x0aGkV22CRtJpZVEBCxfjd1s1EnQS7qy5UZ4ZQB9etoFlmXdcVlc0e97ha\nPj3Tg6IQxmL8pqB9OpHxzOyG6I/9J1VLu0Lcms/aa410d+1ga1SD0e3QTnT19pBxrhJVybz27dUB\nyM7O1adMxAmN4spORY/wj6AOdgs2noQ17igFmGqszaArEQ4UTRoQH5t0hK4xxsqN3A6jpJaEBc28\nuf74eJn5ut+seDjohoTq9lDpBt+KOcmiWCv2SaDSq/K4chHbrOravvmMld8hUKVq1Z0Z1zU5qoBo\ndFWkQKKWqIgKSkQlYyMJprTHKE6zxIaKZLw3HvB///c/GtVSTiYAc9m7RAtVFd1omE61qlKYfpiX\nqirvA1G9M023wctd+bq+MgstaAU0e6mhedeqvuZXrJVRasiNu6KriKSgjWq61+vrUda5bqLI9mo/\n3oEr01wb0tnSguxVi5ZOQmI/DM2RCqpy7rD5yFpEVDk9G+7ZxRmQqqrNzM7MoFathSM+U9z3rWD1\ncABK3ZZMHGUPGa/5yggdI7IaqC450bI7J6R7Zxg2HRa9K5lNKPSIr+3F0Yos6nL2Osvmok+OpZuL\nVGYpVFpLBUK9iFbDTc0UUmh8vTh27rNeZ7eOccWiS1HROa6qTBV6KusIpuJV94pUk6qOCIhUlIi4\nDSjT7E6VV0FtHruryHD3ZoDAydbpSoalMFfEALrhV0lVf7/fc46VoWgfXowPFEFQWFdmo6qHjRb6\nxc0WscPZZXiOqZWomHczHkulydQWMWPKA2XEqh4rFcIBuIhW59Zyn1aJPYwaYGpivHuP3I/VBmFs\nAaQ757zokaAyKgHUfS8Riy5z6xQGjT2qEREdw1v6/X67G7FguzSiRNxJ5xChUeQDEkqpuXWkgfVC\nZYYoI26rBao6rklkgP8q0caYCMH19VqxioOY0t5JEQpw5omq5rWNQ0FWO24HJdtHL7FWmY2MFKH/\ndphJZPm8dqCEbLmPkx5TGMO1kZDsbtm80jqOWmQkMkWgu1eWm0vpXjXpzwPtgqqffFoZ/jLjA6AR\nIQcx22wTWGZkruGzW8UAtNugqP1+rzGvku5GVs7rWmupGjqo2Ofj9rougC5SErHcRks1sCJELSPF\nZIzB+mjO0c3CaNz3UpXhg37UUUFg/fV6ybZBhllntBlLT0GV2yu7FOLmpkO0RBUtESVAEtcN2Jww\n1137hNIOT4Ro5uYpj3HVYTgQ2NJDwHyozQ8qxxP3er0eOJV8ZD10BWaxVsFsVAQJeXygr2twLKOq\nzBvqQ0fDMdc+f1V3Z9VPeOTpkh7cVj70R8MvV3o3bg4W+ZH5E4NbZ2dC1XYxJhz5gGsVm+R3BuhP\n8gbMjNA5GVGfArY6wRckPuba0LZ8+A4+zxiHtAB4aPwm47XP/+bAHu9pLrIPalyHHcgN487i1IUH\nWw+RVo0NwZMoUsccg28751TV51T/cMXwlGkA8DDW9ZC7+Xt/jA95+PgRQ7BMk6NgeL/fzw2zgcXa\npE/+bNj68NPnnBkb/Y8IRm59vvJBirnfP3KK/jBC4Fs9/DnWOk8Ny4vL0cXD9RQRHf7AC3UY9J9n\nvj/nBOdDyQg652cD2e/3m2Ot51EC4Cd37PmN6naCfX7/3CprBTeQ47bUfMrifT8oeX3Q0uUjt2v3\nped08enbZfgmVjfFHCJCE/Nn1+dp38crwMl0luP9Qn9zgfHp4Cxnf7eIMcZjBM8fHByfX+D1NXlf\nyYfIji+79+j44V/guRDPd9gIxgGaVP2JcuVDQcyHsN4joWCn+GlhJCJ+LhaNNnnpHwPqz//ypHEq\nkIfvy3FaHoLsvPabf9IrHxIw378OYd/d3Z1BF9zYngv3uGNCfrIfRCTuPBzQVlUVP5cyj3V+qW7T\nQPu3f/2vIlBTPWGsTXssxkhD1wrzoQReoo8h1J4PqJAYAIGYKk3Vffr7+1tVBdWtf/zxZ6w3Z4zu\nTqOozACIHQkzfvZvugVGNxzeScNnF7a+K2nNON7v7yarumrYOPQyuPuKEMBcGOIKQvbZVVnVR+Oe\ngLFMMYYq7dA1YZKhmd404hG4e0U1MHxwWYu1WrYZw3DvU0btpfM8mfxMTmRctPYOBIUy0bHQzRTm\nwvAZJ/boui5stBGi20pznAaZhiX0ohKREkRkZbg5ICuDSJyJGZQVGwTMqMyseXzEultObIWqtPxs\nkO/7hnasg7n3DmCsClNZK8j36E2NLx/+A6gB1TUGMxqru/NwGXFUQplp4lT3oSGmKrjfa85ZdCI3\ndfNIsgisa3se0IWZxTKoWVOQGzfGIDV4jHEHfTRVCqQSZuQYw4RvINVw2RFg5qbQoRYRbahKbOMU\n0HOxNxEb5FZBRFrcvKW2ugqc8pGll8c8mwu3czDDOYGZZ65+oDmGj9dSBb3kjrMQ+P+svuYVcfNa\n9EmEuOaMtaLSTbuzqzd+QpK+Kja00hXZgB5ljJllFT1+VbzQoshIVako81GV3Ym2Zye+vmYVnTAS\ngJpwTd+3EOjJ072t5UA/Ih5sdVJLzH3U3bs6Im1aRkJ+ioOnsKtiW8YSM0C+EN1gapGB6mOqCGpb\nb7JRfb+/5+ui1cTRr9BXHLlCRGr7eG+dTcuWo+CHtdWUoZ6yg4+bq1oEgRDGx+OhJMQKxmCQZwDU\nvF5rLeodVIWReA80CoAPXdY/lY/Sj2eO0NcXYu/3zXXFtsK0K6Ox+yt2xlmBbMDQBOjadTDlzf7+\n939hp3MNDkk4Xo+WVjeq3DMTzfHCxcrCx46k2m0p2Cw0iYmt4AAUXarSiMjl6qICQM0f8A7dwRTp\nZCAGrVYNEFVr1Pv9dpnEPVi2E9Z3HztiCopubWH1bmYq7irSojbQWPft7tLStMuFmGlW5EqB+pxd\nFIOIitRJmIr1VqEGOscYAkXD1Ci+UIGpcZRIfwBu13s0tLbMB2yN6AZG1hgdMWtPKemjThz819ev\nrGzpbcmUxTu7Id1SCdL++oDvqkbHKzJ2ptPYQI3JO8O6OMkxEVET2uYcGKF7j0xPxpAiq/p0HupS\nlTjOByqtIuaaseacG8cX0UMT/Pr1VVUFSnBpNaUnNbR0B8a6HAVWd9OyvbuGD2lwJDXG9V7vqvLh\nAr2uK9atotJQ0iS6sBmWsgsckS74cBGxkzoERXD7yTalrTQTUcZutIgGkryNGmIM94gKMXHh0qZZ\nhBRYeCpXXBuOgoqRKpNJsUWKuAjTDqjZJvefVFoAyudcpedw2klyUjWm01CAvfleBRhq0ZKx9Fhy\nlpSpCww04FYV5qvQm1VVTQHca1GGaqIEneX0nSJS6LjXnLML6kp7GndzvbKzG5Cibkg2lSgzivPa\niDCjXznnOjTbYJXNP0jE/aM3VjxLG58ObsuJVd0ithvfg+l1Fy0tTx9T25FGLYthBjBziArQm/m5\nuxGaZ5lZxlaZVlZ1i2quN2mPdFVxMzNdWbHertsUq5RAqShMxUB5iDQvBKVqJObNueVUZibCRW9w\njKEqSktR44BqO1OeDq+Y/97NQcUPAwfMOYBUikBzlao2ms/Z3o0aWSlqUqqilV1dqqYQxV5tzDdm\nCLT9t7/9F22xltVR6GwYNO+sWm4WjaFWK0j/oDBnDP++/yr2j21ipiY0wFz0VUBXZ1aiSuBVkplZ\nt4lmZWbBR3aaqZqhJdAtYtOaedmQFW93y1ymL/SGO80ZmorDbGWT9coIMVTRbItGDhZnuP96fSE3\njMX8RlVTcW5j7g7IToJX0iA492dTu0gcY5bsWqGKWPH19UtE7jvHMJHWpkKjW6q7BETYRQTqCmnb\n1ZjRU5+JjiKMfvaSEj7rIpUhZmSxGpnOmcO5LTMve3OzfEh3//nnf457qewWStVWJVBkn3UVWfNd\naOTwkd1qVmgTHWNkUVIQTBHSo+vj7sUIHjO63jdVbAeqFsGuLv/489f3+602gHZzgVBiZidgNiuB\nWveWxbM+IFz4rPhoF2EdkGzI6NVHfreoZHVluTGoWFj2VOT0sTIyStXiXn/88WutFdW0UlEm7V3j\nTYmgEXo6TpaAqSK3j4Kqgn6iCvavmQlJrmsoBFJNtmt49+qAyGWm6hnhw1TlrrtWmhl8QjrqVnRV\nltAdrKVz11y94BDr7Ezie9Lo7MzXa2ZURPhrdpUfT5WKUkhX8jx3ZDVE9kS0qkS76Ga+R5EYY2Qt\nV6WRlohE5RiSEWCaQguleQptedwsDhFQ+76XiJh6ZnOI292PMdRGO9m+y07G6MYYLHRS3dU8slQt\nq1/jVdUwqWqgtVqlFdkKc43vcKVAQcc1uxGrVAzVnXUGvFL8V4IVOeck62zOy83RckC5xLa3g2pD\nar3LVLppEyQFUSmgx3R1razKusYLUmi5M7LydV2V/X6/53hVRWaoj8yGqJtGhIkNH5UFcEfpakCl\nokTpEAZAuqQ7INmKQkqrD25X1Q1a94ioud7rPaczRuZGrPdtsvN9stuHdZPM9qUq2UtVpo0uVMHV\npXdCWzf+P5TD5QmTXKpUAAAAAElFTkSuQmCC\n	2015-07-15 14:13:02.881	2015-12-01 14:12:53
\.



--
-- Data for Name: fotos_reporte; Type: TABLE DATA; Schema: public; Owner: postgres
--

COPY fotos_reporte (id, reporte_id, foto) FROM stdin;
\.



--
-- Data for Name: fotos_siniestro; Type: TABLE DATA; Schema: public; Owner: postgres
--

COPY fotos_siniestro (id, siniestro_id, foto, concepto) FROM stdin;
\.



--
-- Data for Name: mantenimiento; Type: TABLE DATA; Schema: public; Owner: postgres
--

COPY mantenimiento (id, asunto, rating, fecha, estatus) FROM stdin;
1	papás	0	2015-05-05 13:07:52	CANCELADO
41	asdf	0	2015-05-05 18:24:39	CANCELADO
42	qwer	0	2015-05-05 18:24:50	CANCELADO
62	arregalar volante	0	2015-05-07 12:37:38	CANCELADO
121	ELECTRICO	0	2015-05-14 14:30:44	CANCELADO
166	ELECTRICO	2	2015-07-14 17:12:12	CALIFICADO
181	ELECTRICO	5	2016-03-07 16:02:00	CALIFICADO
141	ELECTRICO	5	2017-11-10 11:00:00	CALIFICADO
142	\N	0	2015-07-18 10:00:00	CANCELADO
143	\N	0	2016-10-23 11:00:00	CANCELADO
163	ELECTRICO	0	2015-07-14 17:11:56	CANCELADO
161	ELECTRICO	0	2015-07-15 14:09:36	EN PROCESO
167	\N	0	2015-07-14 17:08:00	CANCELADO
168	\N	0	2015-07-14 17:09:00	CANCELADO
162	\N	0	2016-02-07 17:09:00	CANCELADO
164	ELECTRICO	5	2015-07-14 17:26:50	CALIFICADO
165	ELECTRICO	3	2015-07-14 17:12:08	CALIFICADO
\.


--
-- Data for Name: mantenimiento_checklist_punto_vehicle; Type: TABLE DATA; Schema: public; Owner: postgres
--

COPY mantenimiento_checklist_punto_vehicle (id, mantenimiento_id, checklist_punto_vehicle_id) FROM stdin;
141	141	862
161	161	828
162	162	823
163	164	762
164	165	822
165	166	827
181	181	921
182	181	922
\.



--
-- Data for Name: mantenimiento_detalle; Type: TABLE DATA; Schema: public; Owner: postgres
--

COPY mantenimiento_detalle (id_mantenimiento_detalle, mantenimiento_id, fecha, detalle, fecha_propuesta, estatus) FROM stdin;
161	121	2015-07-13 09:37:20.439	por que si	2015-05-14 14:30:44	\N
181	141	2015-07-14 13:47:57.741	si me llegaron las piezas	2015-07-15 13:47:41	\N
182	141	2015-07-14 13:49:12.055	me vale	2015-07-18 10:00:00	RECHAZADO
183	141	2015-07-14 13:53:12.928	me lo entregaste mal 	2016-10-23 11:00:00	RECHAZADO
184	141	2015-07-14 13:54:45.491	no te desepciones	2017-11-10 11:00:00	CALIFICADO
201	142	2015-07-14 17:08:09.95	sdfghj	2015-07-18 10:00:00	\N
202	143	2015-07-14 17:08:15.307	dxcfgvhjk	2016-10-23 11:00:00	\N
203	161	2015-07-14 17:08:31.782	asdfghj	2015-07-14 17:08:24	\N
204	163	2015-07-14 17:12:30.348	asdfghjk	2015-07-14 17:11:56	\N
205	161	2015-07-14 17:14:43.794	kyviyviy	2015-07-14 17:08:00	RECHAZADO
206	162	2015-07-14 17:15:40.314	kyckyckycyj	2015-07-14 17:09:00	RECHAZADO
221	167	2015-07-14 17:22:46.169	asdf	2015-07-14 17:08:00	\N
222	168	2015-07-14 17:22:51.572	asdf	2015-07-14 17:09:00	\N
241	162	2015-07-14 17:24:59.79	asdf	2016-02-07 17:09:00	\N
242	164	2015-07-14 17:25:39.11	por que si	2015-07-14 17:12:00	RECHAZADO
243	164	2015-07-14 17:26:57.366	asdf	2015-07-14 17:26:50	\N
244	164	2015-07-14 17:31:50.271	pop	2015-07-14 17:26:50	CALIFICADO
261	165	2015-07-15 11:36:05.462	uyguyg	2015-07-14 17:12:08	CALIFICADO
262	166	2015-07-15 11:40:40.306	ty	2015-07-14 17:12:12	CALIFICADO
281	181	2015-07-15 14:05:31.404	tengo servicio	2015-07-15 16:02:00	RECHAZADO
282	181	2015-07-15 14:07:47.593	muy bien	2016-03-07 16:02:00	CALIFICADO
283	161	2015-07-15 14:09:15.031	me entregaste mal	2016-02-07 17:08:00	RECHAZADO
284	161	2015-07-15 14:09:56.366	tienes todoa la razon hoy te entrego	2015-07-15 14:09:36	\N
\.



--
-- Data for Name: mantenimiento_historico; Type: TABLE DATA; Schema: public; Owner: postgres
--

COPY mantenimiento_historico (id, id_vehicle, fecha, asunto, estatus) FROM stdin;
1	573	2015-05-05 13:08:06.158	papás	PROGRAMADO
21	4002	2015-05-05 14:08:07.85	otro punto arregarlo	PROGRAMADO
22	4002	2015-05-05 14:10:14.313	otro punto arregarlo	CONFIRMADO
23	4002	2015-05-05 14:10:19.742	otro punto arregarlo	EN PROCESO
24	4002	2015-05-05 14:10:36.127	otro punto arregarlo	ENTREGADO
25	4002	2015-05-05 14:11:04.126	otro punto arregarlo	CALIFICADO
26	4002	2015-05-05 14:12:15.565	puntito	PROGRAMADO
27	4002	2015-05-05 14:13:07.067	puntito	CONFIRMADO
28	4002	2015-05-05 14:13:25.063	hola	CONFIRMADO
29	4002	2015-05-05 14:13:58.388	hola	REPROGRAMADO
30	4002	2015-05-05 14:14:29.444	hola	CONFIRMADO
31	4002	2015-05-05 14:14:48.557	hola	EN PROCESO
32	4002	2015-05-05 14:15:22.134	hola	RECHAZADO
33	4002	2015-05-05 14:16:20.163	hola	ENTREGADO
61	573	2015-05-05 18:24:45.648	asdf	PROGRAMADO
62	1109	2015-05-05 18:24:52.867	qwer	PROGRAMADO
63	4002	2015-05-05 18:27:22.366	hola	REPROGRAMADO
64	4002	2015-05-05 18:27:31.964	hola	REPROGRAMADO
65	4002	2015-05-05 18:27:41.686	aunto	REPROGRAMADO
81	4002	2015-05-05 18:33:28.627	nuevo asunto	REPROGRAMADO
82	4002	2015-05-05 18:33:40.696	otro asunto	REPROGRAMADO
83	4002	2015-05-05 18:39:33.405	asuntico	REPROGRAMADO
101	4002	2015-05-05 18:40:47.101	asunto	REPROGRAMADO
102	4002	2015-05-05 18:41:25.695	asdfqwer	REPROGRAMADO
121	4002	2015-05-05 18:45:23.946	asdfqwer	REPROGRAMADO
141	4002	2015-05-05 18:48:10.393	asdfqwer	CONFIRMADO
142	4002	2015-05-05 18:48:17.98	asdfqwer	EN PROCESO
143	4002	2015-05-05 18:48:21.749	asdfqwer	ENTREGADO
144	4002	2015-05-05 18:49:09.941	asdfqwer	CALIFICADO
161	1122	2015-05-06 12:35:11.522	arreglar el faro	PROGRAMADO
162	1194	2015-05-06 12:38:19.022	arregalar volante	PROGRAMADO
181	1122	2015-05-12 10:47:20.916	ELECTRICO	PROGRAMADO
201	573	2015-05-12 10:49:43.996	IMAGEN	PROGRAMADO
221	1122	2015-05-13 13:32:41.312	arreglar el faro	CONFIRMADO
222	573	2015-05-13 13:32:46.534	IMAGEN	CONFIRMADO
223	1122	2015-05-13 13:32:52.305	ELECTRICO	CONFIRMADO
224	573	2015-05-13 13:33:02.228	IMAGEN	EN PROCESO
225	573	2015-05-13 13:33:08.375	IMAGEN	ENTREGADO
226	1122	2015-05-13 13:33:11.037	ELECTRICO	EN PROCESO
227	1122	2015-05-13 13:33:13.68	ELECTRICO	ENTREGADO
228	1122	2015-05-13 13:33:15.752	arreglar el faro	EN PROCESO
229	1122	2015-05-13 13:33:20.512	arreglar el faro	ENTREGADO
230	1122	2015-05-13 13:33:45.566	arreglar el faro	CALIFICADO
231	573	2015-05-13 13:33:59.056	IMAGEN	CALIFICADO
232	1122	2015-05-13 13:34:25.677	ELECTRICO	CALIFICADO
261	573	2015-05-14 14:30:56.861	ELECTRICO	PROGRAMADO
281	2903	2015-07-14 13:42:18.947	ELECTRICO	PROGRAMADO
282	2903	2015-07-14 13:47:15.342	ELECTRICO	CONFIRMADO
283	2903	2015-07-14 13:47:58.006	ELECTRICO	REPROGRAMADO
284	2903	2015-07-14 13:49:12.062	ELECTRICO	RECHAZADO
285	2903	2015-07-14 13:51:18.279	ELECTRICO	CONFIRMADO
286	2903	2015-07-14 13:51:25.26	ELECTRICO	EN PROCESO
287	2903	2015-07-14 13:51:54.887	ELECTRICO	ENTREGADO
288	2903	2015-07-14 13:53:12.988	ELECTRICO	RECHAZADO
289	2903	2015-07-14 13:53:55.456	ELECTRICO	CONFIRMADO
290	2903	2015-07-14 13:54:05.784	ELECTRICO	EN PROCESO
291	2903	2015-07-14 13:54:09.259	ELECTRICO	ENTREGADO
292	2903	2015-07-14 13:54:45.498	ELECTRICO	CALIFICADO
321	2046	2015-07-14 17:07:55.917	ELECTRICO	PROGRAMADO
322	2046	2015-07-14 17:08:31.785	ELECTRICO	REPROGRAMADO
323	1109	2015-07-14 17:09:02.571	MAGNETICO	PROGRAMADO
324	1122	2015-07-14 17:12:06.44	ELECTRICO	PROGRAMADO
325	1153	2015-07-14 17:12:10.536	ELECTRICO	PROGRAMADO
326	1554	2015-07-14 17:12:14.704	ELECTRICO	PROGRAMADO
327	2046	2015-07-14 17:14:24.598	ELECTRICO	CONFIRMADO
328	2046	2015-07-14 17:14:43.798	ELECTRICO	RECHAZADO
329	1109	2015-07-14 17:15:40.321	MAGNETICO	RECHAZADO
341	1109	2015-07-14 17:23:53.234	\N	PROGRAMADO
361	1109	2015-07-14 17:24:59.801	\N	CANCELADO
362	1122	2015-07-14 17:25:39.207	ELECTRICO	RECHAZADO
363	1122	2015-07-14 17:25:54.455	ELECTRICO	PROGRAMADO
364	2046	2015-07-14 17:26:37.206	ELECTRICO	PROGRAMADO
365	2046	2015-07-14 17:26:41.175	ELECTRICO	PROGRAMADO
366	2046	2015-07-14 17:26:44.527	ELECTRICO	PROGRAMADO
367	1122	2015-07-14 17:26:57.369	ELECTRICO	REPROGRAMADO
368	2046	2015-07-14 17:29:55.377	ELECTRICO	PROGRAMADO
369	1122	2015-07-14 17:30:53.969	ELECTRICO	CONFIRMADO
370	1122	2015-07-14 17:31:15.473	ELECTRICO	EN PROCESO
371	1122	2015-07-14 17:31:18.45	ELECTRICO	ENTREGADO
372	1122	2015-07-14 17:31:50.322	ELECTRICO	CALIFICADO
401	1153	2015-07-15 11:31:53.44	ELECTRICO	CONFIRMADO
402	1153	2015-07-15 11:32:26.791	ELECTRICO	EN PROCESO
403	1153	2015-07-15 11:32:31.747	ELECTRICO	ENTREGADO
421	1153	2015-07-15 11:36:05.61	ELECTRICO	CALIFICADO
422	1554	2015-07-15 11:39:47.975	ELECTRICO	CONFIRMADO
423	1554	2015-07-15 11:39:54.72	ELECTRICO	EN PROCESO
424	1554	2015-07-15 11:40:01.87	ELECTRICO	ENTREGADO
425	1554	2015-07-15 11:40:40.322	ELECTRICO	CALIFICADO
441	573	2015-07-15 14:03:30.197	ELECTRICO	PROGRAMADO
442	573	2015-07-15 14:05:31.714	ELECTRICO	RECHAZADO
443	573	2015-07-15 14:05:47.518	ELECTRICO	PROGRAMADO
444	573	2015-07-15 14:06:19.728	ELECTRICO	CONFIRMADO
445	573	2015-07-15 14:06:34.796	ELECTRICO	EN PROCESO
446	573	2015-07-15 14:07:12.14	ELECTRICO	ENTREGADO
447	573	2015-07-15 14:07:47.599	ELECTRICO	CALIFICADO
448	2046	2015-07-15 14:08:27.12	ELECTRICO	CONFIRMADO
449	2046	2015-07-15 14:08:33.6	ELECTRICO	EN PROCESO
450	2046	2015-07-15 14:08:37.248	ELECTRICO	ENTREGADO
451	2046	2015-07-15 14:09:15.037	ELECTRICO	RECHAZADO
452	2046	2015-07-15 14:09:56.373	ELECTRICO	REPROGRAMADO
453	2046	2015-07-15 14:10:16.484	ELECTRICO	CONFIRMADO
454	2046	2015-07-15 14:10:27.835	ELECTRICO	EN PROCESO
\.



--
-- Data for Name: minuta; Type: TABLE DATA; Schema: public; Owner: postgres
--

COPY minuta (id, empleado_id_empleado, cliente_id_cliente, fecha, contacto, titulo, hora_inicio, hora_fin, firma_cliente, firma_cliente_fecha, firma_ejecutivo, firma_ejecutivo_fecha, detalle, acuerdo, fecha_acuerdo) FROM stdin;
\.


--
-- Data for Name: minuta_acuerdos; Type: TABLE DATA; Schema: public; Owner: postgres
--

COPY minuta_acuerdos (id, acuerdo, responsable, fecha, minuta_id) FROM stdin;
\.


--
-- Data for Name: registro; Type: TABLE DATA; Schema: public; Owner: postgres
--

COPY registro (id_registro, id_employee, last_touched) FROM stdin;
1	5279	2015-05-05 14:21:32
2	185	2015-05-05 14:21:43
3	185	2015-05-05 14:23:02
21	5279	2015-07-09 17:42:32
41	5279	2015-07-09 18:53:05
61	5279	2015-07-13 11:03:51
81	5279	2015-07-15 13:53:03
101	5279	2015-07-15 14:22:06
102	437	2015-07-16 11:36:28
103	4678	2015-07-16 12:38:09
\.



--
-- Data for Name: reporte; Type: TABLE DATA; Schema: public; Owner: postgres
--

COPY reporte (id, cliente_id_cliente, empleado_id_empleado, fecha, descripcion, contacto, eco, tipo, estatus) FROM stdin;
\.



--
-- Data for Name: servicio; Type: TABLE DATA; Schema: public; Owner: postgres
--

COPY servicio (id, cliente_id_cliente, contacto, cargo, telefono, celular, nextel, fax, correo, momento_salida, momento_regreso, lugar_origen, calle_origen, num_ext_origen, num_int_origen, delegacion_origen, colonia_origen, codigo_postal_origen, entre_calles_origen, referencias_origen, realiza_paradas, cuantas, direccion, lugar_destino, calle_destino, num_ext_destino, num_int_destino, delegacion_destino, colonia_destino, codigo_postal_destino, entre_calles_destino, referencias_destino, responsable_servicio, telefono_servicio, celular_servicio, nextel_servicio, numero_persona, numero_unidades, tipo_unidad, razon_social_fac, rfc_fac, domicilio_fac, colonia_fac, delegacion_fac, codigo_postal_fac, costo_servicio_fac, iva_fac, total_iva, fecha, estatus) FROM stdin;
\.



--
-- Data for Name: siniestro; Type: TABLE DATA; Schema: public; Owner: postgres
--

COPY siniestro (id, lugar, telefono, descripcion, eco, lesionados, coordinador_id, ajustador_id_empleado, fecha, estatus, monto) FROM stdin;
\.


--
-- Data for Name: siniestro_convenio; Type: TABLE DATA; Schema: public; Owner: postgres
--

COPY siniestro_convenio (id, nom_operador, nom_tercero, fecha, calle, monto, marca, tipo, modelo, color, descripcion_danios, eco, placas_convenio, placas_tercero, telefono_tercero, firma_operador, firma_tercero, firma_ajustador, siniestro_id) FROM stdin;
\.



--
-- Data for Name: siniestro_declaracion; Type: TABLE DATA; Schema: public; Owner: postgres
--

COPY siniestro_declaracion (id, a_cargo_de, forma_de_pago, declaracion_conductor, convenio, delegacion_municipio, numero_usuarios, telefono, declaracion_tercero, operador, ute, observaciones, placas, danios, nombre_operador, razon_social, otros, culpa_lipu, lesiones, peticion, lugar_direccion, hora_siniestro, clave, lugar_accidente, acepta_responsabilidad, de_acuerdo_con_pago_tercero, firma_ajustador, firma_operador, firma_operador2, siniestro_id) FROM stdin;
\.



--
-- Data for Name: siniestro_pago; Type: TABLE DATA; Schema: public; Owner: postgres
--

COPY siniestro_pago (id, num_siniestro, ajustador, fecha, propietario_afectado, vehiculo_afectado, descripcion_danios, marca, tipo, modelo, color, num_serie, num_motor, placas, importe_total, otros, total, condicionada, num_tercero, firma_tercero, lugar_accidente, siniestro_id) FROM stdin;
\.



--
-- Name: pk_checklist; Type: CONSTRAINT; Schema: public; Owner: postgres; Tablespace: 
--

ALTER TABLE ONLY checklist
    ADD CONSTRAINT pk_checklist PRIMARY KEY (id_checklist);


--
-- Name: pk_checklist_fotos_punto; Type: CONSTRAINT; Schema: public; Owner: postgres; Tablespace: 
--

ALTER TABLE ONLY checklist_fotos_punto
    ADD CONSTRAINT pk_checklist_fotos_punto PRIMARY KEY (id_checklist_punto);


--
-- Name: pk_checklist_punto; Type: CONSTRAINT; Schema: public; Owner: postgres; Tablespace: 
--

ALTER TABLE ONLY checklist_punto
    ADD CONSTRAINT pk_checklist_punto PRIMARY KEY (id_checklist_punto);


--
-- Name: pk_checklist_punto_vehicle; Type: CONSTRAINT; Schema: public; Owner: postgres; Tablespace: 
--

ALTER TABLE ONLY checklist_punto_vehicle
    ADD CONSTRAINT pk_checklist_punto_vehicle PRIMARY KEY (id);


--
-- Name: pk_checklist_punto_vehicle_bitac; Type: CONSTRAINT; Schema: public; Owner: postgres; Tablespace: 
--

ALTER TABLE ONLY checklist_punto_vehicle_bitacora
    ADD CONSTRAINT pk_checklist_punto_vehicle_bitac PRIMARY KEY (id);


--
-- Name: pk_cobranza; Type: CONSTRAINT; Schema: public; Owner: postgres; Tablespace: 
--

ALTER TABLE ONLY cobranza
    ADD CONSTRAINT pk_cobranza PRIMARY KEY (id_cobranza);


--
-- Name: pk_colision; Type: CONSTRAINT; Schema: public; Owner: postgres; Tablespace: 
--

ALTER TABLE ONLY colision
    ADD CONSTRAINT pk_colision PRIMARY KEY (id);


--
-- Name: pk_combustible_programa; Type: CONSTRAINT; Schema: public; Owner: postgres; Tablespace: 
--

ALTER TABLE ONLY combustible_programa
    ADD CONSTRAINT pk_combustible_programa PRIMARY KEY (id_combustible_programa);


--
-- Name: pk_combustible_programa_foto; Type: CONSTRAINT; Schema: public; Owner: postgres; Tablespace: 
--

ALTER TABLE ONLY combustible_programa_foto
    ADD CONSTRAINT pk_combustible_programa_foto PRIMARY KEY (id_combustible_programa_foto);


--
-- Name: pk_control; Type: CONSTRAINT; Schema: public; Owner: postgres; Tablespace: 
--

ALTER TABLE ONLY control
    ADD CONSTRAINT pk_control PRIMARY KEY (id_control);


--
-- Name: pk_empleado_tipo; Type: CONSTRAINT; Schema: public; Owner: postgres; Tablespace: 
--

ALTER TABLE ONLY empleado_tipo
    ADD CONSTRAINT pk_empleado_tipo PRIMARY KEY (id_empleado_tipo);


--
-- Name: pk_employees_entities; Type: CONSTRAINT; Schema: public; Owner: postgres; Tablespace: 
--

ALTER TABLE ONLY employees_entities
    ADD CONSTRAINT pk_employees_entities PRIMARY KEY (id_employees_entities);


--
-- Name: pk_fotos_aptos; Type: CONSTRAINT; Schema: public; Owner: postgres; Tablespace: 
--

ALTER TABLE ONLY fotos_aptos
    ADD CONSTRAINT pk_fotos_aptos PRIMARY KEY (id);


--
-- Name: pk_fotos_colicion; Type: CONSTRAINT; Schema: public; Owner: postgres; Tablespace: 
--

ALTER TABLE ONLY fotos_colicion
    ADD CONSTRAINT pk_fotos_colicion PRIMARY KEY (id);


--
-- Name: pk_fotos_licencia; Type: CONSTRAINT; Schema: public; Owner: postgres; Tablespace: 
--

ALTER TABLE ONLY fotos_licencia
    ADD CONSTRAINT pk_fotos_licencia PRIMARY KEY (id_foto_licencia);


--
-- Name: pk_fotos_reporte; Type: CONSTRAINT; Schema: public; Owner: postgres; Tablespace: 
--

ALTER TABLE ONLY fotos_reporte
    ADD CONSTRAINT pk_fotos_reporte PRIMARY KEY (id);


--
-- Name: pk_fotos_siniestro; Type: CONSTRAINT; Schema: public; Owner: postgres; Tablespace: 
--

ALTER TABLE ONLY fotos_siniestro
    ADD CONSTRAINT pk_fotos_siniestro PRIMARY KEY (id);


--
-- Name: pk_mantenimiento; Type: CONSTRAINT; Schema: public; Owner: postgres; Tablespace: 
--

ALTER TABLE ONLY mantenimiento
    ADD CONSTRAINT pk_mantenimiento PRIMARY KEY (id);


--
-- Name: pk_mantenimiento_checklist_punto; Type: CONSTRAINT; Schema: public; Owner: postgres; Tablespace: 
--

ALTER TABLE ONLY mantenimiento_checklist_punto_vehicle
    ADD CONSTRAINT pk_mantenimiento_checklist_punto PRIMARY KEY (id);


--
-- Name: pk_mantenimiento_detalle; Type: CONSTRAINT; Schema: public; Owner: postgres; Tablespace: 
--

ALTER TABLE ONLY mantenimiento_detalle
    ADD CONSTRAINT pk_mantenimiento_detalle PRIMARY KEY (id_mantenimiento_detalle);


--
-- Name: pk_mantenimiento_historico; Type: CONSTRAINT; Schema: public; Owner: postgres; Tablespace: 
--

ALTER TABLE ONLY mantenimiento_historico
    ADD CONSTRAINT pk_mantenimiento_historico PRIMARY KEY (id);


--
-- Name: pk_minuta; Type: CONSTRAINT; Schema: public; Owner: postgres; Tablespace: 
--

ALTER TABLE ONLY minuta
    ADD CONSTRAINT pk_minuta PRIMARY KEY (id);


--
-- Name: pk_minuta_acuerdos; Type: CONSTRAINT; Schema: public; Owner: postgres; Tablespace: 
--

ALTER TABLE ONLY minuta_acuerdos
    ADD CONSTRAINT pk_minuta_acuerdos PRIMARY KEY (id);


--
-- Name: pk_registro; Type: CONSTRAINT; Schema: public; Owner: postgres; Tablespace: 
--

ALTER TABLE ONLY registro
    ADD CONSTRAINT pk_registro PRIMARY KEY (id_registro);


--
-- Name: pk_reporte; Type: CONSTRAINT; Schema: public; Owner: postgres; Tablespace: 
--

ALTER TABLE ONLY reporte
    ADD CONSTRAINT pk_reporte PRIMARY KEY (id);


--
-- Name: pk_servicio; Type: CONSTRAINT; Schema: public; Owner: postgres; Tablespace: 
--

ALTER TABLE ONLY servicio
    ADD CONSTRAINT pk_servicio PRIMARY KEY (id);


--
-- Name: pk_siniestro; Type: CONSTRAINT; Schema: public; Owner: postgres; Tablespace: 
--

ALTER TABLE ONLY siniestro
    ADD CONSTRAINT pk_siniestro PRIMARY KEY (id);


--
-- Name: pk_siniestro_convenio; Type: CONSTRAINT; Schema: public; Owner: postgres; Tablespace: 
--

ALTER TABLE ONLY siniestro_convenio
    ADD CONSTRAINT pk_siniestro_convenio PRIMARY KEY (id);


--
-- Name: pk_siniestro_declaracion; Type: CONSTRAINT; Schema: public; Owner: postgres; Tablespace: 
--

ALTER TABLE ONLY siniestro_declaracion
    ADD CONSTRAINT pk_siniestro_declaracion PRIMARY KEY (id);


--
-- Name: pk_siniestro_pago; Type: CONSTRAINT; Schema: public; Owner: postgres; Tablespace: 
--

ALTER TABLE ONLY siniestro_pago
    ADD CONSTRAINT pk_siniestro_pago PRIMARY KEY (id);


--
-- Name: ix_checklist_fotos_punto_check_1; Type: INDEX; Schema: public; Owner: postgres; Tablespace: 
--

CREATE INDEX ix_checklist_fotos_punto_check_1 ON checklist_fotos_punto USING btree (checklist_punto_vehicle_id);


--
-- Name: ix_checklist_punto_checklist_2; Type: INDEX; Schema: public; Owner: postgres; Tablespace: 
--

CREATE INDEX ix_checklist_punto_checklist_2 ON checklist_punto USING btree (id_checklist);


--
-- Name: ix_checklist_punto_checklistpa_3; Type: INDEX; Schema: public; Owner: postgres; Tablespace: 
--

CREATE INDEX ix_checklist_punto_checklistpa_3 ON checklist_punto USING btree (checklist_padre_id_checklist_punto);


--
-- Name: ix_checklist_punto_vehicle_bit_5; Type: INDEX; Schema: public; Owner: postgres; Tablespace: 
--

CREATE INDEX ix_checklist_punto_vehicle_bit_5 ON checklist_punto_vehicle_bitacora USING btree (checklist_punto_vehicle_id);


--
-- Name: ix_checklist_punto_vehicle_che_4; Type: INDEX; Schema: public; Owner: postgres; Tablespace: 
--

CREATE INDEX ix_checklist_punto_vehicle_che_4 ON checklist_punto_vehicle USING btree (checklist_punto_id_checklist_punto);


--
-- Name: ix_cobranza_cliente_7; Type: INDEX; Schema: public; Owner: postgres; Tablespace: 
--

CREATE INDEX ix_cobranza_cliente_7 ON cobranza USING btree (cliente_id_cliente);


--
-- Name: ix_combustible_programa_emplea_8; Type: INDEX; Schema: public; Owner: postgres; Tablespace: 
--

CREATE INDEX ix_combustible_programa_emplea_8 ON combustible_programa USING btree (empleado_id_empleado);


--
-- Name: ix_combustible_programa_foto_c_9; Type: INDEX; Schema: public; Owner: postgres; Tablespace: 
--

CREATE INDEX ix_combustible_programa_foto_c_9 ON combustible_programa_foto USING btree (combustible_programa_id_combustible_programa);


--
-- Name: ix_fotos_colicion_colicion_11; Type: INDEX; Schema: public; Owner: postgres; Tablespace: 
--

CREATE INDEX ix_fotos_colicion_colicion_11 ON fotos_colicion USING btree (id_revision_puntos_detalle_vehicle);


--
-- Name: ix_fotos_reporte_reporte_12; Type: INDEX; Schema: public; Owner: postgres; Tablespace: 
--

CREATE INDEX ix_fotos_reporte_reporte_12 ON fotos_reporte USING btree (reporte_id);


--
-- Name: ix_fotos_siniestro_siniestro_13; Type: INDEX; Schema: public; Owner: postgres; Tablespace: 
--

CREATE INDEX ix_fotos_siniestro_siniestro_13 ON fotos_siniestro USING btree (siniestro_id);


--
-- Name: ix_mantenimiento_checklist_pu_13; Type: INDEX; Schema: public; Owner: postgres; Tablespace: 
--

CREATE INDEX ix_mantenimiento_checklist_pu_13 ON mantenimiento_checklist_punto_vehicle USING btree (mantenimiento_id);


--
-- Name: ix_mantenimiento_checklist_pu_14; Type: INDEX; Schema: public; Owner: postgres; Tablespace: 
--

CREATE INDEX ix_mantenimiento_checklist_pu_14 ON mantenimiento_checklist_punto_vehicle USING btree (mantenimiento_id);


--
-- Name: ix_mantenimiento_checklist_pu_15; Type: INDEX; Schema: public; Owner: postgres; Tablespace: 
--

CREATE INDEX ix_mantenimiento_checklist_pu_15 ON mantenimiento_checklist_punto_vehicle USING btree (checklist_punto_vehicle_id);


--
-- Name: ix_mantenimiento_detalle_mant_15; Type: INDEX; Schema: public; Owner: postgres; Tablespace: 
--

CREATE INDEX ix_mantenimiento_detalle_mant_15 ON mantenimiento_detalle USING btree (mantenimiento_id);


--
-- Name: ix_mantenimiento_detalle_mant_16; Type: INDEX; Schema: public; Owner: postgres; Tablespace: 
--

CREATE INDEX ix_mantenimiento_detalle_mant_16 ON mantenimiento_detalle USING btree (mantenimiento_id);


--
-- Name: ix_minuta_acuerdos_minuta_18; Type: INDEX; Schema: public; Owner: postgres; Tablespace: 
--

CREATE INDEX ix_minuta_acuerdos_minuta_18 ON minuta_acuerdos USING btree (minuta_id);


--
-- Name: ix_minuta_acuerdos_minuta_19; Type: INDEX; Schema: public; Owner: postgres; Tablespace: 
--

CREATE INDEX ix_minuta_acuerdos_minuta_19 ON minuta_acuerdos USING btree (minuta_id);


--
-- Name: ix_minuta_cliente_17; Type: INDEX; Schema: public; Owner: postgres; Tablespace: 
--

CREATE INDEX ix_minuta_cliente_17 ON minuta USING btree (cliente_id_cliente);


--
-- Name: ix_minuta_cliente_18; Type: INDEX; Schema: public; Owner: postgres; Tablespace: 
--

CREATE INDEX ix_minuta_cliente_18 ON minuta USING btree (cliente_id_cliente);


--
-- Name: ix_minuta_empleado_16; Type: INDEX; Schema: public; Owner: postgres; Tablespace: 
--

CREATE INDEX ix_minuta_empleado_16 ON minuta USING btree (empleado_id_empleado);


--
-- Name: ix_minuta_empleado_17; Type: INDEX; Schema: public; Owner: postgres; Tablespace: 
--

CREATE INDEX ix_minuta_empleado_17 ON minuta USING btree (empleado_id_empleado);


--
-- Name: ix_reporte_cliente_18; Type: INDEX; Schema: public; Owner: postgres; Tablespace: 
--

CREATE INDEX ix_reporte_cliente_18 ON reporte USING btree (cliente_id_cliente);


--
-- Name: ix_reporte_cliente_19; Type: INDEX; Schema: public; Owner: postgres; Tablespace: 
--

CREATE INDEX ix_reporte_cliente_19 ON reporte USING btree (cliente_id_cliente);


--
-- Name: ix_reporte_cliente_20; Type: INDEX; Schema: public; Owner: postgres; Tablespace: 
--

CREATE INDEX ix_reporte_cliente_20 ON reporte USING btree (cliente_id_cliente);


--
-- Name: ix_reporte_empleado_19; Type: INDEX; Schema: public; Owner: postgres; Tablespace: 
--

CREATE INDEX ix_reporte_empleado_19 ON reporte USING btree (empleado_id_empleado);


--
-- Name: ix_reporte_empleado_20; Type: INDEX; Schema: public; Owner: postgres; Tablespace: 
--

CREATE INDEX ix_reporte_empleado_20 ON reporte USING btree (empleado_id_empleado);


--
-- Name: ix_reporte_empleado_21; Type: INDEX; Schema: public; Owner: postgres; Tablespace: 
--

CREATE INDEX ix_reporte_empleado_21 ON reporte USING btree (empleado_id_empleado);


--
-- Name: ix_servicio_cliente_20; Type: INDEX; Schema: public; Owner: postgres; Tablespace: 
--

CREATE INDEX ix_servicio_cliente_20 ON servicio USING btree (cliente_id_cliente);


--
-- Name: ix_servicio_cliente_21; Type: INDEX; Schema: public; Owner: postgres; Tablespace: 
--

CREATE INDEX ix_servicio_cliente_21 ON servicio USING btree (cliente_id_cliente);


--
-- Name: ix_servicio_cliente_22; Type: INDEX; Schema: public; Owner: postgres; Tablespace: 
--

CREATE INDEX ix_servicio_cliente_22 ON servicio USING btree (cliente_id_cliente);


--
-- Name: ix_siniestro_ajustador_22; Type: INDEX; Schema: public; Owner: postgres; Tablespace: 
--

CREATE INDEX ix_siniestro_ajustador_22 ON siniestro USING btree (ajustador_id_empleado);


--
-- Name: ix_siniestro_ajustador_23; Type: INDEX; Schema: public; Owner: postgres; Tablespace: 
--

CREATE INDEX ix_siniestro_ajustador_23 ON siniestro USING btree (ajustador_id_empleado);


--
-- Name: ix_siniestro_convenio_siniest_23; Type: INDEX; Schema: public; Owner: postgres; Tablespace: 
--

CREATE INDEX ix_siniestro_convenio_siniest_23 ON siniestro_convenio USING btree (siniestro_id);


--
-- Name: ix_siniestro_convenio_siniest_24; Type: INDEX; Schema: public; Owner: postgres; Tablespace: 
--

CREATE INDEX ix_siniestro_convenio_siniest_24 ON siniestro_convenio USING btree (siniestro_id);


--
-- Name: ix_siniestro_declaracion_sini_24; Type: INDEX; Schema: public; Owner: postgres; Tablespace: 
--

CREATE INDEX ix_siniestro_declaracion_sini_24 ON siniestro_declaracion USING btree (siniestro_id);


--
-- Name: ix_siniestro_declaracion_sini_25; Type: INDEX; Schema: public; Owner: postgres; Tablespace: 
--

CREATE INDEX ix_siniestro_declaracion_sini_25 ON siniestro_declaracion USING btree (siniestro_id);


--
-- Name: ix_siniestro_pago_siniestro_25; Type: INDEX; Schema: public; Owner: postgres; Tablespace: 
--

CREATE INDEX ix_siniestro_pago_siniestro_25 ON siniestro_pago USING btree (siniestro_id);


--
-- Name: ix_siniestro_pago_siniestro_26; Type: INDEX; Schema: public; Owner: postgres; Tablespace: 
--

CREATE INDEX ix_siniestro_pago_siniestro_26 ON siniestro_pago USING btree (siniestro_id);


--
-- Name: fk_checklist_fotos_punto_check_1; Type: FK CONSTRAINT; Schema: public; Owner: postgres
--

ALTER TABLE ONLY checklist_fotos_punto
    ADD CONSTRAINT fk_checklist_fotos_punto_check_1 FOREIGN KEY (checklist_punto_vehicle_id) REFERENCES checklist_punto_vehicle(id);


--
-- Name: fk_checklist_punto_checklist_2; Type: FK CONSTRAINT; Schema: public; Owner: postgres
--

ALTER TABLE ONLY checklist_punto
    ADD CONSTRAINT fk_checklist_punto_checklist_2 FOREIGN KEY (id_checklist) REFERENCES checklist(id_checklist);


--
-- Name: fk_checklist_punto_checklistpa_3; Type: FK CONSTRAINT; Schema: public; Owner: postgres
--

ALTER TABLE ONLY checklist_punto
    ADD CONSTRAINT fk_checklist_punto_checklistpa_3 FOREIGN KEY (checklist_padre_id_checklist_punto) REFERENCES checklist_punto(id_checklist_punto);


--
-- Name: fk_checklist_punto_vehicle_bit_5; Type: FK CONSTRAINT; Schema: public; Owner: postgres
--

ALTER TABLE ONLY checklist_punto_vehicle_bitacora
    ADD CONSTRAINT fk_checklist_punto_vehicle_bit_5 FOREIGN KEY (checklist_punto_vehicle_id) REFERENCES checklist_punto_vehicle(id);


--
-- Name: fk_checklist_punto_vehicle_che_4; Type: FK CONSTRAINT; Schema: public; Owner: postgres
--

ALTER TABLE ONLY checklist_punto_vehicle
    ADD CONSTRAINT fk_checklist_punto_vehicle_che_4 FOREIGN KEY (checklist_punto_id_checklist_punto) REFERENCES checklist_punto(id_checklist_punto);


--
-- Name: fk_cobranza_cliente_7; Type: FK CONSTRAINT; Schema: public; Owner: postgres
--

ALTER TABLE ONLY cobranza
    ADD CONSTRAINT fk_cobranza_cliente_7 FOREIGN KEY (cliente_id_cliente) REFERENCES cliente(id_cliente);


--
-- Name: fk_combustible_programa_emplea_8; Type: FK CONSTRAINT; Schema: public; Owner: postgres
--

ALTER TABLE ONLY combustible_programa
    ADD CONSTRAINT fk_combustible_programa_emplea_8 FOREIGN KEY (empleado_id_empleado) REFERENCES empleado(id_empleado);


--
-- Name: fk_combustible_programa_foto_c_9; Type: FK CONSTRAINT; Schema: public; Owner: postgres
--

ALTER TABLE ONLY combustible_programa_foto
    ADD CONSTRAINT fk_combustible_programa_foto_c_9 FOREIGN KEY (combustible_programa_id_combustible_programa) REFERENCES combustible_programa(id_combustible_programa);


--
-- Name: fk_fotos_colicion_colicion_11; Type: FK CONSTRAINT; Schema: public; Owner: postgres
--

ALTER TABLE ONLY fotos_colicion
    ADD CONSTRAINT fk_fotos_colicion_colicion_11 FOREIGN KEY (id_revision_puntos_detalle_vehicle) REFERENCES colision(id);


--
-- Name: fk_fotos_reporte_reporte_12; Type: FK CONSTRAINT; Schema: public; Owner: postgres
--

ALTER TABLE ONLY fotos_reporte
    ADD CONSTRAINT fk_fotos_reporte_reporte_12 FOREIGN KEY (reporte_id) REFERENCES reporte(id);


--
-- Name: fk_fotos_siniestro_siniestro_13; Type: FK CONSTRAINT; Schema: public; Owner: postgres
--

ALTER TABLE ONLY fotos_siniestro
    ADD CONSTRAINT fk_fotos_siniestro_siniestro_13 FOREIGN KEY (siniestro_id) REFERENCES siniestro(id);


--
-- Name: fk_mantenimiento_checklist_pu_13; Type: FK CONSTRAINT; Schema: public; Owner: postgres
--

ALTER TABLE ONLY mantenimiento_checklist_punto_vehicle
    ADD CONSTRAINT fk_mantenimiento_checklist_pu_13 FOREIGN KEY (mantenimiento_id) REFERENCES mantenimiento(id);


--
-- Name: fk_mantenimiento_checklist_pu_14; Type: FK CONSTRAINT; Schema: public; Owner: postgres
--

ALTER TABLE ONLY mantenimiento_checklist_punto_vehicle
    ADD CONSTRAINT fk_mantenimiento_checklist_pu_14 FOREIGN KEY (mantenimiento_id) REFERENCES mantenimiento(id);


--
-- Name: fk_mantenimiento_checklist_pu_15; Type: FK CONSTRAINT; Schema: public; Owner: postgres
--

ALTER TABLE ONLY mantenimiento_checklist_punto_vehicle
    ADD CONSTRAINT fk_mantenimiento_checklist_pu_15 FOREIGN KEY (checklist_punto_vehicle_id) REFERENCES checklist_punto_vehicle(id);


--
-- Name: fk_mantenimiento_detalle_mant_15; Type: FK CONSTRAINT; Schema: public; Owner: postgres
--

ALTER TABLE ONLY mantenimiento_detalle
    ADD CONSTRAINT fk_mantenimiento_detalle_mant_15 FOREIGN KEY (mantenimiento_id) REFERENCES mantenimiento(id);


--
-- Name: fk_mantenimiento_detalle_mant_16; Type: FK CONSTRAINT; Schema: public; Owner: postgres
--

ALTER TABLE ONLY mantenimiento_detalle
    ADD CONSTRAINT fk_mantenimiento_detalle_mant_16 FOREIGN KEY (mantenimiento_id) REFERENCES mantenimiento(id);


--
-- Name: fk_minuta_acuerdos_minuta_18; Type: FK CONSTRAINT; Schema: public; Owner: postgres
--

ALTER TABLE ONLY minuta_acuerdos
    ADD CONSTRAINT fk_minuta_acuerdos_minuta_18 FOREIGN KEY (minuta_id) REFERENCES minuta(id);


--
-- Name: fk_minuta_acuerdos_minuta_19; Type: FK CONSTRAINT; Schema: public; Owner: postgres
--

ALTER TABLE ONLY minuta_acuerdos
    ADD CONSTRAINT fk_minuta_acuerdos_minuta_19 FOREIGN KEY (minuta_id) REFERENCES minuta(id);


--
-- Name: fk_minuta_cliente_17; Type: FK CONSTRAINT; Schema: public; Owner: postgres
--

ALTER TABLE ONLY minuta
    ADD CONSTRAINT fk_minuta_cliente_17 FOREIGN KEY (cliente_id_cliente) REFERENCES cliente(id_cliente);


--
-- Name: fk_minuta_cliente_18; Type: FK CONSTRAINT; Schema: public; Owner: postgres
--

ALTER TABLE ONLY minuta
    ADD CONSTRAINT fk_minuta_cliente_18 FOREIGN KEY (cliente_id_cliente) REFERENCES cliente(id_cliente);


--
-- Name: fk_minuta_empleado_17; Type: FK CONSTRAINT; Schema: public; Owner: postgres
--

ALTER TABLE ONLY minuta
    ADD CONSTRAINT fk_minuta_empleado_17 FOREIGN KEY (empleado_id_empleado) REFERENCES empleado(id_empleado);


--
-- Name: fk_reporte_cliente_18; Type: FK CONSTRAINT; Schema: public; Owner: postgres
--

ALTER TABLE ONLY reporte
    ADD CONSTRAINT fk_reporte_cliente_18 FOREIGN KEY (cliente_id_cliente) REFERENCES cliente(id_cliente);


--
-- Name: fk_reporte_cliente_19; Type: FK CONSTRAINT; Schema: public; Owner: postgres
--

ALTER TABLE ONLY reporte
    ADD CONSTRAINT fk_reporte_cliente_19 FOREIGN KEY (cliente_id_cliente) REFERENCES cliente(id_cliente);


--
-- Name: fk_reporte_cliente_20; Type: FK CONSTRAINT; Schema: public; Owner: postgres
--

ALTER TABLE ONLY reporte
    ADD CONSTRAINT fk_reporte_cliente_20 FOREIGN KEY (cliente_id_cliente) REFERENCES cliente(id_cliente);


--
-- Name: fk_reporte_empleado_21; Type: FK CONSTRAINT; Schema: public; Owner: postgres
--

ALTER TABLE ONLY reporte
    ADD CONSTRAINT fk_reporte_empleado_21 FOREIGN KEY (empleado_id_empleado) REFERENCES empleado(id_empleado);


--
-- Name: fk_servicio_cliente_20; Type: FK CONSTRAINT; Schema: public; Owner: postgres
--

ALTER TABLE ONLY servicio
    ADD CONSTRAINT fk_servicio_cliente_20 FOREIGN KEY (cliente_id_cliente) REFERENCES cliente(id_cliente);


--
-- Name: fk_servicio_cliente_21; Type: FK CONSTRAINT; Schema: public; Owner: postgres
--

ALTER TABLE ONLY servicio
    ADD CONSTRAINT fk_servicio_cliente_21 FOREIGN KEY (cliente_id_cliente) REFERENCES cliente(id_cliente);


--
-- Name: fk_servicio_cliente_22; Type: FK CONSTRAINT; Schema: public; Owner: postgres
--

ALTER TABLE ONLY servicio
    ADD CONSTRAINT fk_servicio_cliente_22 FOREIGN KEY (cliente_id_cliente) REFERENCES cliente(id_cliente);


--
-- Name: fk_siniestro_ajustador_23; Type: FK CONSTRAINT; Schema: public; Owner: postgres
--

ALTER TABLE ONLY siniestro
    ADD CONSTRAINT fk_siniestro_ajustador_23 FOREIGN KEY (ajustador_id_empleado) REFERENCES empleado(id_empleado);


--
-- Name: fk_siniestro_convenio_siniest_23; Type: FK CONSTRAINT; Schema: public; Owner: postgres
--

ALTER TABLE ONLY siniestro_convenio
    ADD CONSTRAINT fk_siniestro_convenio_siniest_23 FOREIGN KEY (siniestro_id) REFERENCES siniestro(id);


--
-- Name: fk_siniestro_convenio_siniest_24; Type: FK CONSTRAINT; Schema: public; Owner: postgres
--

ALTER TABLE ONLY siniestro_convenio
    ADD CONSTRAINT fk_siniestro_convenio_siniest_24 FOREIGN KEY (siniestro_id) REFERENCES siniestro(id);


--
-- Name: fk_siniestro_declaracion_sini_24; Type: FK CONSTRAINT; Schema: public; Owner: postgres
--

ALTER TABLE ONLY siniestro_declaracion
    ADD CONSTRAINT fk_siniestro_declaracion_sini_24 FOREIGN KEY (siniestro_id) REFERENCES siniestro(id);


--
-- Name: fk_siniestro_declaracion_sini_25; Type: FK CONSTRAINT; Schema: public; Owner: postgres
--

ALTER TABLE ONLY siniestro_declaracion
    ADD CONSTRAINT fk_siniestro_declaracion_sini_25 FOREIGN KEY (siniestro_id) REFERENCES siniestro(id);


--
-- Name: fk_siniestro_pago_siniestro_25; Type: FK CONSTRAINT; Schema: public; Owner: postgres
--

ALTER TABLE ONLY siniestro_pago
    ADD CONSTRAINT fk_siniestro_pago_siniestro_25 FOREIGN KEY (siniestro_id) REFERENCES siniestro(id);


--
-- Name: fk_siniestro_pago_siniestro_26; Type: FK CONSTRAINT; Schema: public; Owner: postgres
--

ALTER TABLE ONLY siniestro_pago
    ADD CONSTRAINT fk_siniestro_pago_siniestro_26 FOREIGN KEY (siniestro_id) REFERENCES siniestro(id);


--
--

